{"id":925,"date":"2023-02-08T09:42:50","date_gmt":"2023-02-08T09:42:50","guid":{"rendered":"https:\/\/romanistyka.wn.uw.edu.pl\/?page_id=925"},"modified":"2026-02-11T21:26:06","modified_gmt":"2026-02-11T21:26:06","slug":"wojakowska-marta","status":"publish","type":"page","link":"https:\/\/romanistyka.wn.uw.edu.pl\/index.php\/pracownicy\/wojakowska-marta\/","title":{"rendered":"Marta Wojakowska"},"content":{"rendered":"\n<div class=\"wp-block-columns is-layout-flex wp-container-core-columns-is-layout-28f84493 wp-block-columns-is-layout-flex\">\n<div class=\"wp-block-column is-layout-flow wp-block-column-is-layout-flow\" style=\"flex-basis:33.33%\">\n<figure class=\"wp-block-image aligncenter size-full\"><img loading=\"lazy\" decoding=\"async\" width=\"150\" height=\"150\" src=\"https:\/\/romanistyka.wn.uw.edu.pl\/wp-content\/uploads\/2023\/02\/dr-Marta-Wojakowska.jpg\" alt=\"\" class=\"wp-image-926\"\/><\/figure>\n<\/div>\n\n\n\n<div class=\"wp-block-column is-layout-flow wp-block-column-is-layout-flow\" style=\"flex-basis:66.66%\">\n<h2 class=\"wp-block-heading\">dr Marta Wojakowska<\/h2>\n\n\n\n<p>Zak\u0142ad Dydaktyki J\u0119zyk\u00f3w Roma\u0144skich&nbsp;<\/p>\n\n\n\n<p>Asystent (grupa badawczo-dydaktyczna)&nbsp;<\/p>\n\n\n\n<p><a href=\"mailto:wojakowskamarta@gmail.com\"><a href=\"mailto:mb.wojakowska2@uw.edu.pl\" target=\"_blank\" rel=\"noreferrer noopener\">mb.wojakowska2@uw.edu.pl<\/a><\/a><\/p>\n\n\n\n<div style=\"height:20px\" aria-hidden=\"true\" class=\"wp-block-spacer\"><\/div>\n\n\n\n<h6 class=\"wp-block-heading\"><strong>Tematyka bada\u0144<\/strong><\/h6>\n\n\n\n<p>rozwijanie kompetencji r\u00f3\u017cnoj\u0119zycznej i r\u00f3\u017cnokulturowej w ramach nauczania j\u0119zyka obcego, nauczanie j\u0119zyka specjalistycznego&nbsp;<\/p>\n\n\n\n<div style=\"height:20px\" aria-hidden=\"true\" class=\"wp-block-spacer\"><\/div>\n\n\n\n<h6 class=\"wp-block-heading\">wybrane <strong>Publikacje<\/strong><\/h6>\n\n\n\n<ul class=\"wp-block-list\">\n<li>2022r.- \u201eCulturally anchored lexical units in modern foreign language teaching\u201d w <em>European Scientific Language Journal XLinguae, Issue n\u00b03, 2022, <\/em>ISSN 1337-8384&nbsp;<\/li>\n\n\n\n<li>2022r.- \u201ePandemia a nowe mo\u017cliwo\u015bci nauczania j\u0119zyk\u00f3w specjalistycznych\u201d w J\u0119zy<em>koznawstwo Nr <\/em>1(16) \/2022, ISSN 2391-5137.&nbsp;<\/li>\n\n\n\n<li>2021r.- \u201cO kompetencjach interpretacyjnych w badaniach i praktyce dydaktycznej\u201d w \u201cRozmowy o glottodydaktyce. Studia ofiarowane profesor Jolancie Sujeckiej-Zaj\u0105c\u201d, Wydawnictwa Uniwersytetu Warszawskiego, ISBN 978-83-235-5283-3&nbsp;<\/li>\n\n\n\n<li>2021 r.&nbsp; \u00ab D\u00e9velopper la comp\u00e9tence plurilingue et pluriculturelle en classe de Fran\u00e7ais sur Objectifs Sp\u00e9cifiques (exemple du fran\u00e7ais de la diplomatie) \u00bb, Wydawnictwa Uniwersytetu Warszawskiego, ISBN 978-83-235-5060-0&nbsp;<\/li>\n\n\n\n<li>2020 r. \u201eR\u00f3\u017cnoj\u0119zyczno\u015b\u0107, codzienno\u015b\u0107 i wyzwanie dla bezpiecze\u0144stwa w Europie\u201d w \u201eJ\u0119zyk w dyskursie o bezpiecze\u0144stwie\u201d, Wydawnictwo Elipsa, ISBN 978-83-8017-301-9.&nbsp;<\/li>\n<\/ul>\n\n\n\n<div style=\"height:20px\" aria-hidden=\"true\" class=\"wp-block-spacer\"><\/div>\n\n\n\n<h6 class=\"wp-block-heading\"><strong>Przebieg kariery naukowej<\/strong><\/h6>\n\n\n\n<p>2019 Uniwersytet Warszawski, Wydzia\u0142 Neofilologii, Instytut Romanistyki, Studia doktoranckie<br>Lipiec 2016 Universit\u00e9 d\u2019\u00e9t\u00e9 BELC (Nantes) &#8211; Doskonalenie zawodowe<br>2014 Universit\u00e9 Sorbonne-Nouvelle (Paris III), Master 1 et Master 2 Recherche<br>2008 Uniwersytet Paris Diderot PARIS VII, Licencjat.&nbsp;<\/p>\n\n\n\n<div style=\"height:20px\" aria-hidden=\"true\" class=\"wp-block-spacer\"><\/div>\n\n\n\n<h6 class=\"wp-block-heading\"><strong>Dzia\u0142alno\u015b\u0107<\/strong><\/h6>\n\n\n\n<p>Od 2011 \u2013 nauczyciel j\u0119zyka francuskiego w Kolegium Europejskim w Natolinie i w Grugii.<br>Od 2014 \u2013 kierownik dzia\u0142u j\u0119zykowego w Kolegium Europejskim w Natolinie<br>Od 2016 &#8211; przewodnicz\u0105ca Komisji Egzaminacyjnej z j\u0119zyka francuskiego w Kolegium Europejskim w Natolinie<br>2017 i 2018 \u2013 wsp\u00f3\u0142praca z Uniwersytetem \u201eLa Luiss\u201d w Rzymie (Libera Universit\u00e0 Internazionale degli Studi Sociali Guido Carli)&nbsp;<\/p>\n\n\n\n<div style=\"height:20px\" aria-hidden=\"true\" class=\"wp-block-spacer\"><\/div>\n\n\n\n<h6 class=\"wp-block-heading\"><strong>Cz\u0142onkostwo w organizacjach i stowarzyszeniach<\/strong><\/h6>\n\n\n\n<p>cz\u0142onek ACEDLE (Association des chercheurs et enseignants didacticiens des langues \u00e9trang\u00e8res)&nbsp;<\/p>\n\n\n\n<div style=\"height:20px\" aria-hidden=\"true\" class=\"wp-block-spacer\"><\/div>\n\n\n\n<h6 class=\"wp-block-heading\"><strong>Hobby<\/strong><\/h6>\n\n\n\n<p>Glottodydaktyka, polityka europejska, sport<\/p>\n<\/div>\n<\/div>\n\n\n\n<p><\/p>\n","protected":false},"excerpt":{"rendered":"<p>dr Marta Wojakowska Zak\u0142ad Dydaktyki J\u0119zyk\u00f3w Roma\u0144skich&nbsp; Asystent (grupa badawczo-dydaktyczna)&nbsp; mb.wojakowska2@uw.edu.pl Tematyka bada\u0144 rozwijanie kompetencji r\u00f3\u017cnoj\u0119zycznej i r\u00f3\u017cnokulturowej w ramach nauczania j\u0119zyka obcego, nauczanie j\u0119zyka specjalistycznego&nbsp; wybrane Publikacje Przebieg kariery naukowej 2019 Uniwersytet Warszawski, Wydzia\u0142 Neofilologii, Instytut Romanistyki, Studia doktoranckieLipiec 2016 Universit\u00e9 d\u2019\u00e9t\u00e9 BELC (Nantes) &#8211; Doskonalenie zawodowe2014 Universit\u00e9 Sorbonne-Nouvelle (Paris III), Master 1 et [&hellip;]<\/p>\n","protected":false},"author":1,"featured_media":0,"parent":802,"menu_order":0,"comment_status":"closed","ping_status":"closed","template":"","meta":{"footnotes":""},"class_list":["post-925","page","type-page","status-publish","hentry"],"_links":{"self":[{"href":"https:\/\/romanistyka.wn.uw.edu.pl\/index.php\/wp-json\/wp\/v2\/pages\/925","targetHints":{"allow":["GET"]}}],"collection":[{"href":"https:\/\/romanistyka.wn.uw.edu.pl\/index.php\/wp-json\/wp\/v2\/pages"}],"about":[{"href":"https:\/\/romanistyka.wn.uw.edu.pl\/index.php\/wp-json\/wp\/v2\/types\/page"}],"author":[{"embeddable":true,"href":"https:\/\/romanistyka.wn.uw.edu.pl\/index.php\/wp-json\/wp\/v2\/users\/1"}],"replies":[{"embeddable":true,"href":"https:\/\/romanistyka.wn.uw.edu.pl\/index.php\/wp-json\/wp\/v2\/comments?post=925"}],"version-history":[{"count":6,"href":"https:\/\/romanistyka.wn.uw.edu.pl\/index.php\/wp-json\/wp\/v2\/pages\/925\/revisions"}],"predecessor-version":[{"id":7361,"href":"https:\/\/romanistyka.wn.uw.edu.pl\/index.php\/wp-json\/wp\/v2\/pages\/925\/revisions\/7361"}],"up":[{"embeddable":true,"href":"https:\/\/romanistyka.wn.uw.edu.pl\/index.php\/wp-json\/wp\/v2\/pages\/802"}],"wp:attachment":[{"href":"https:\/\/romanistyka.wn.uw.edu.pl\/index.php\/wp-json\/wp\/v2\/media?parent=925"}],"curies":[{"name":"wp","href":"https:\/\/api.w.org\/{rel}","templated":true}]}}