{"id":886,"date":"2023-02-08T09:18:52","date_gmt":"2023-02-08T09:18:52","guid":{"rendered":"https:\/\/romanistyka.wn.uw.edu.pl\/?page_id=886"},"modified":"2026-02-11T21:17:00","modified_gmt":"2026-02-11T21:17:00","slug":"pachocinska-elzbieta","status":"publish","type":"page","link":"https:\/\/romanistyka.wn.uw.edu.pl\/index.php\/pracownicy\/pachocinska-elzbieta\/","title":{"rendered":"El\u017cbieta Pachoci\u0144ska"},"content":{"rendered":"\n<div class=\"wp-block-columns is-layout-flex wp-container-core-columns-is-layout-28f84493 wp-block-columns-is-layout-flex\">\n<div class=\"wp-block-column is-layout-flow wp-block-column-is-layout-flow\" style=\"flex-basis:33.33%\">\n<figure class=\"wp-block-image aligncenter size-full is-resized\"><img loading=\"lazy\" decoding=\"async\" width=\"929\" height=\"1054\" src=\"https:\/\/romanistyka.wn.uw.edu.pl\/wp-content\/uploads\/2024\/10\/E.-PACHOCINSKA1.jpg\" alt=\"\" class=\"wp-image-3488\" style=\"width:153px;height:auto\" srcset=\"https:\/\/romanistyka.wn.uw.edu.pl\/wp-content\/uploads\/2024\/10\/E.-PACHOCINSKA1.jpg 929w, https:\/\/romanistyka.wn.uw.edu.pl\/wp-content\/uploads\/2024\/10\/E.-PACHOCINSKA1-264x300.jpg 264w, https:\/\/romanistyka.wn.uw.edu.pl\/wp-content\/uploads\/2024\/10\/E.-PACHOCINSKA1-903x1024.jpg 903w, https:\/\/romanistyka.wn.uw.edu.pl\/wp-content\/uploads\/2024\/10\/E.-PACHOCINSKA1-768x871.jpg 768w\" sizes=\"auto, (max-width: 929px) 100vw, 929px\" \/><\/figure>\n<\/div>\n\n\n\n<div class=\"wp-block-column is-layout-flow wp-block-column-is-layout-flow\" style=\"flex-basis:66.66%\">\n<h2 class=\"wp-block-heading\">dr hab. prof. UW El\u017cbieta Pachoci\u0144ska<\/h2>\n\n\n\n<p>Zak\u0142ad J\u0119zykoznawstwa Roma\u0144skiego&nbsp;<\/p>\n\n\n\n<p>Profesor uczelni (grupa badawczo-dydaktyczna)&nbsp;<\/p>\n\n\n\n<p><a href=\"mailto:e.pachocinska@uw.edu.pl\">e.pachocinska@uw.edu.pl<\/a><\/p>\n\n\n\n<div style=\"height:20px\" aria-hidden=\"true\" class=\"wp-block-spacer\"><\/div>\n\n\n\n<h6 class=\"wp-block-heading\"><strong>Tematyka bada\u0144<\/strong><\/h6>\n\n\n\n<p>analiza dyskursu z perspektywy francuskiej lingwistycznej analizy dyskursu, ze szczeg\u00f3lnym uwzgl\u0119dnieniem jednego z jej nurt\u00f3w tzw. semantyki dyskursywnej.<\/p>\n\n\n\n<p>G\u0142\u00f3wne zakresy tematyczne :<\/p>\n\n\n\n<p>&#8211; spo\u0142eczna konstrukcja znaczenia przez r\u00f3\u017cnych aktor\u00f3w sceny publicznej,<\/p>\n\n\n\n<p>&#8211; dynamiczny i wielowymiarowy znaczeniowo charakter s\u0142ownictwa b\u0119d\u0105cego w obiegu medialnym,<\/p>\n\n\n\n<p>&#8211; rola sytuacji komunikacyjnej w kszta\u0142towaniu znaczenia wypowiedzi oraz u\u017cytych \u015brodk\u00f3w leksykalnych i gramatycznych,<\/p>\n\n\n\n<p>-specyfika dyskursu obywatelskiego oraz ekologicznego, jego warstwa aksjologiczna, emocjonalna, argumentacyjna (intertekstualno\u015b\u0107, interdyskursywno\u015b\u0107, pami\u0119\u0107 dyskursywna).<\/p>\n\n\n\n<div style=\"height:20px\" aria-hidden=\"true\" class=\"wp-block-spacer\"><\/div>\n\n\n\n<h6 class=\"wp-block-heading\"><strong>wybrane Publikacje<\/strong><\/h6>\n\n\n\n<ul class=\"wp-block-list\">\n<li>2025, \u00abLes discours sur <em>la croissance<\/em> et <em>la d\u00e9croissance<\/em> : deux visions rivales de l\u2019avenir. Analyse s\u00e9mantico-discursive des mots-cl\u00e9s, Academic Journal of Modern Philology, vol. 20, 309 -318.<\/li>\n\n\n\n<li>2024, \u00ab <em>Scientifiques en r\u00e9bellion<\/em> : ethos discursif du scientifique engag\u00e9 dans la lutte pour le climat, Academic Journal of Modern Philology, vol. 21, 81-90.<\/li>\n\n\n\n<li>2022,&nbsp;\u00ab&nbsp;Les valeurs \u00e9cologiques dans les discours portant sur l\u2019environnement&nbsp;\u00bb,&nbsp;Wyd.&nbsp;Uniwersytetu w Bia\u0142ymstoku,&nbsp;<em>&nbsp;Bia\u0142ostockie&nbsp; Archiwum J\u0119zykowe<\/em>, n\u00b0 22, 273-291.&nbsp;<\/li>\n\n\n\n<li>2022, \u00ab&nbsp;Le vocabulaire humanisant la nature&nbsp;\u00bb, (red.) M. Grycan et al.,&nbsp;<em>Discours, traduction, po\u00e9sie, Anna Dutka-Ma\u0144kowska 40 ans \u00e0 l\u2019Institut d\u2019\u00c9tudes romanes de Varsovie<\/em>, Warszawa, Wyd. UW,&nbsp;&nbsp;203-213,<\/li>\n\n\n\n<li>2021, \u00ab&nbsp;L\u2019usage descriptif et id\u00e9ologique du concept de cosmopolitisme&nbsp;\u00bb,(red.) M. Kostro et al.,&nbsp;<em>Entre langues, entre cultures. M\u00e9langes offerts \u00e0 Krystyna Wr\u00f3blewska-Pawlak<\/em>. Warszawa, Wyd. UW, 79-91.<\/li>\n\n\n\n<li>2020,&nbsp; \u00ab Les slogans des jeunes dans les&nbsp;<em>marches pour le climat&nbsp;<\/em>en France (2018-2019) et la construction de l\u2019identit\u00e9 collective \u00bb,&nbsp;<em>Academic Journal of Modern Philology<\/em>, vol. 9, 143-153.&nbsp;<\/li>\n\n\n\n<li>2019 \u00ab&nbsp;L\u2019actualit\u00e9 mise en mots dans le discours journalistique.&nbsp;Le cas du conflit de Notre-Dame-des-Landes.&nbsp;\u00bb Wyd.&nbsp;UwB,&nbsp;Bia\u0142ostockie&nbsp;&nbsp;Archiwum J\u0119zykowe, nr&nbsp;. 19, 253-268.<\/li>\n<\/ul>\n\n\n\n<div style=\"height:20px\" aria-hidden=\"true\" class=\"wp-block-spacer\"><\/div>\n\n\n\n<h6 class=\"wp-block-heading\"><strong>Cz\u0142onkostwo w organizacjach i stowarzyszeniach<\/strong><\/h6>\n\n\n\n<p>Cz\u0142onek ATRP &#8222;Plejada&#8221;<\/p>\n<\/div>\n<\/div>\n\n\n\n<p><\/p>\n","protected":false},"excerpt":{"rendered":"<p>dr hab. prof. UW El\u017cbieta Pachoci\u0144ska Zak\u0142ad J\u0119zykoznawstwa Roma\u0144skiego&nbsp; Profesor uczelni (grupa badawczo-dydaktyczna)&nbsp; e.pachocinska@uw.edu.pl Tematyka bada\u0144 analiza dyskursu z perspektywy francuskiej lingwistycznej analizy dyskursu, ze szczeg\u00f3lnym uwzgl\u0119dnieniem jednego z jej nurt\u00f3w tzw. semantyki dyskursywnej. G\u0142\u00f3wne zakresy tematyczne : &#8211; spo\u0142eczna konstrukcja znaczenia przez r\u00f3\u017cnych aktor\u00f3w sceny publicznej, &#8211; dynamiczny i wielowymiarowy znaczeniowo charakter s\u0142ownictwa b\u0119d\u0105cego [&hellip;]<\/p>\n","protected":false},"author":1,"featured_media":0,"parent":802,"menu_order":0,"comment_status":"closed","ping_status":"closed","template":"page-no-title","meta":{"footnotes":""},"class_list":["post-886","page","type-page","status-publish","hentry"],"_links":{"self":[{"href":"https:\/\/romanistyka.wn.uw.edu.pl\/index.php\/wp-json\/wp\/v2\/pages\/886","targetHints":{"allow":["GET"]}}],"collection":[{"href":"https:\/\/romanistyka.wn.uw.edu.pl\/index.php\/wp-json\/wp\/v2\/pages"}],"about":[{"href":"https:\/\/romanistyka.wn.uw.edu.pl\/index.php\/wp-json\/wp\/v2\/types\/page"}],"author":[{"embeddable":true,"href":"https:\/\/romanistyka.wn.uw.edu.pl\/index.php\/wp-json\/wp\/v2\/users\/1"}],"replies":[{"embeddable":true,"href":"https:\/\/romanistyka.wn.uw.edu.pl\/index.php\/wp-json\/wp\/v2\/comments?post=886"}],"version-history":[{"count":7,"href":"https:\/\/romanistyka.wn.uw.edu.pl\/index.php\/wp-json\/wp\/v2\/pages\/886\/revisions"}],"predecessor-version":[{"id":7346,"href":"https:\/\/romanistyka.wn.uw.edu.pl\/index.php\/wp-json\/wp\/v2\/pages\/886\/revisions\/7346"}],"up":[{"embeddable":true,"href":"https:\/\/romanistyka.wn.uw.edu.pl\/index.php\/wp-json\/wp\/v2\/pages\/802"}],"wp:attachment":[{"href":"https:\/\/romanistyka.wn.uw.edu.pl\/index.php\/wp-json\/wp\/v2\/media?parent=886"}],"curies":[{"name":"wp","href":"https:\/\/api.w.org\/{rel}","templated":true}]}}