{"id":864,"date":"2023-02-08T09:01:38","date_gmt":"2023-02-08T09:01:38","guid":{"rendered":"https:\/\/romanistyka.wn.uw.edu.pl\/?page_id=864"},"modified":"2023-09-22T07:30:16","modified_gmt":"2023-09-22T07:30:16","slug":"kwaterko-jozef","status":"publish","type":"page","link":"https:\/\/romanistyka.wn.uw.edu.pl\/index.php\/pracownicy\/kwaterko-jozef\/","title":{"rendered":"J\u00f3zef Kwaterko"},"content":{"rendered":"\n<div class=\"wp-block-columns is-layout-flex wp-container-core-columns-is-layout-28f84493 wp-block-columns-is-layout-flex\">\n<div class=\"wp-block-column is-layout-flow wp-block-column-is-layout-flow\" style=\"flex-basis:33.33%\">\n<figure class=\"wp-block-image aligncenter size-full is-resized wp-duotone-grayscale\"><img loading=\"lazy\" decoding=\"async\" src=\"https:\/\/romanistyka.wn.uw.edu.pl\/wp-content\/uploads\/2023\/02\/prof.-dr-hab.-Jozef-Kwaterko.jpg\" alt=\"\" class=\"wp-image-865\" style=\"width:186px;height:186px\" width=\"186\" height=\"186\"\/><\/figure>\n<\/div>\n\n\n\n<div class=\"wp-block-column is-layout-flow wp-block-column-is-layout-flow\" style=\"flex-basis:66.66%\">\n<h2 class=\"wp-block-heading\">prof. dr hab. J\u00f3zef Kwaterko<\/h2>\n\n\n\n<p>Zak\u0142ad Literaturoznawstwa Francuskiego&nbsp;<\/p>\n\n\n\n<p>Profesor zwyczajny (grupa badawczo-dydaktyczna)<\/p>\n\n\n\n<p><strong>IN MEMORIAM J\u00d3ZEF KWATERKO (1950-2023)\u00a0<\/strong><\/p>\n\n\n\n<p><\/p>\n\n\n\n<p><a href=\"https:\/\/www.agora-francophone.org\/in-memoriam-jozef-kwaterko-1950-2023\">https:\/\/www.agora-francophone.org\/in-memoriam-jozef-kwaterko-1950-2023<\/a><\/p>\n\n\n\n<div style=\"height:20px\" aria-hidden=\"true\" class=\"wp-block-spacer\"><\/div>\n\n\n\n<h6 class=\"wp-block-heading\"><strong>Tematyka bada\u0144<\/strong><\/h6>\n\n\n\n<p>Literatura frankofo\u0144ska, kultura i literatura Qu\u00e9becu i Kanady Francuskiej socjokrytyka, analiza dyskursu spo\u0142ecznego, teoria powie\u015bci, powie\u015b\u0107 francuska XX w., to\u017csamo\u015b\u0107 kulturowa w literaturze, literatura obszaru Karaib\u00f3w frankofo\u0144skich (Antyle-Gujana, Haiti)&nbsp;<\/p>\n\n\n\n<div style=\"height:20px\" aria-hidden=\"true\" class=\"wp-block-spacer\"><\/div>\n\n\n\n<h6 class=\"wp-block-heading\"><strong>Publikacje<\/strong><\/h6>\n\n\n\n<ul class=\"wp-block-list\">\n<li>Kwaterko, J\u00f3zef,&nbsp;<em>Dialogi z Ameryk\u0105. O frankofo\u0144skiej literaturze w Qu\u00e9becu i na Karaibach<\/em>, Krak\u00f3w, Universitas, 2003, 273 str.&nbsp;<\/li>\n\n\n\n<li>Kwaterko, J\u00f3zef,&nbsp;<em>Le roman qu\u00e9b\u00e9cois et ses (inter)discours. Analyses sociocritiques<\/em>, Qu\u00e9bec, \u00e9d.Nota bene 1998, 224 str. (coll. \u201eLitt\u00e9rature(s)&#8221;).&nbsp;<\/li>\n\n\n\n<li>Kwaterko, J\u00f3zef,&nbsp;<em>Le roman qu\u00e9b\u00e9cois de 1960 \u00e0 1975: id\u00e9ologie et repr\u00e9sentation litt\u00e9raire<\/em>, Le Pr\u00e9ambule, Longueuil, 1989, 268 str. (coll. \u201eL\u2019univers du discours\u201d).&nbsp;<\/li>\n\n\n\n<li>Kwaterko, J\u00f3zef (pod red.),&nbsp;<em>L\u2019humour et le rire dans les litt\u00e9ratures francophones des Am\u00e9riques<\/em>, Paris, l\u2019Harmattan, 2006 (coll. \u00ab Itin\u00e9raires et contacts des cultures \u00bb, vol. 36), 198 str.&nbsp;<\/li>\n\n\n\n<li>Kwaterko, J\u00f3zef, <em>Kanade, di Goldene Medine? Perspectives on Canadian Jewish Literature and Culture\/Perspectives sur la litt\u00e9rature et culture juives canadiennes&nbsp;<\/em>(cor\u00e9daction avec Krzysztof Majer, Justyna Fruzi\u0144ska et Norman Ravvin), Leiden-Boston, Brill-Rodopi, 2019 (coll. &#8222;Francopolyphonies&#8221;, 25), 380 p.&nbsp;<\/li>\n<\/ul>\n\n\n\n<div style=\"height:20px\" aria-hidden=\"true\" class=\"wp-block-spacer\"><\/div>\n\n\n\n<h6 class=\"wp-block-heading\"><strong>Przebieg kariery naukowej<\/strong><\/h6>\n\n\n\n<p>1975 magisterium (praca pt. \u201eL\u2019Individu et son ambiance dans l\u2019\u0153uvre litt\u00e9raire de Jean-Marie Gustave Le Cl\u00e9zio\u2019\u2019 pod kierunkiem prof.dr hab. Jerzego Parviego)<br>1976-1978, studium doktoranckie, Wydzia\u0142 Filologii Obcych UW<br>1978-86, asystent i starszy asystent na UW<br>1986 &#8211; doktorat \u00ab Le Roman qu\u00e9b\u00e9cois de 1960 \u00e0 1975: id\u00e9ologie et repr\u00e9sentation litt\u00e9raire \u00bb (promotor, prof. dr hab. Jerzy Parvi) ; zatrudnienie na stanowisku adiunkta,<br>1998 &#8211; habilitacja (tytu\u0142 rozprawy \u00ab Le roman qu\u00e9b\u00e9cois et ses (inter)discours. Analyses sociocritiques \u00bb).<br>2001r, profesor nadzwyczajny (UW)<br>2009 r., tytu\u0142 profesora nauk humanistycznych<br>2010r. profesor zwyczajny<br><br>Professeur invit\u00e9\/Visiting Professor i chercheur invit\u00e9\/invited fellow na: University Mc Gill (Montreal), Universit\u00e9 du Qu\u00e9bec (Montreal), Universit\u00e9 Laval (Qu\u00e9bec), Universit\u00e9 du Qu\u00e9bec (Rimouski), Universit\u00e9 Paul Val\u00e9ry-Montpellier III, Universit\u00e9 des Antilles et de la Guyane (Martynika), Universit\u00e9 Paris-XIII, Universit\u00e9 de Limoges, Uniwersytet Sztokholmski, Uniwersit\u00e9 Cergy-Pontoise (Pary\u017c), Universit\u00e9 Bordeaux-3 Michel de Montaigne.&nbsp;<\/p>\n\n\n\n<div style=\"height:20px\" aria-hidden=\"true\" class=\"wp-block-spacer\"><\/div>\n\n\n\n<h6 class=\"wp-block-heading\"><strong>Dzia\u0142alno\u015b\u0107<\/strong><\/h6>\n\n\n\n<p>Kierownik Pracowni Bada\u0144 nad Kultur\u0105 Francusk\u0105-Kanadyjsk\u0105 i Literatur\u0105 Qu\u00e9beck\u0105 w Instytucie Romanistyki UW (od 1997 &#8211; 2021) Kierownik Studi\u00f3w Kulturoznawczo-Filologicznych Europy Zachodniej, Wydzia\u0142 Neofilologii UW (2001-2002)&nbsp;<\/p>\n\n\n\n<div style=\"height:20px\" aria-hidden=\"true\" class=\"wp-block-spacer\"><\/div>\n\n\n\n<h6 class=\"wp-block-heading\"><strong>Cz\u0142onkostwo w organizacjach i stowarzyszeniach<\/strong><\/h6>\n\n\n\n<p>Polskie Towarzystwo Bada\u0144 Kanadyjskich (Sekretarz Generalny 1997-2000);<br>L\u2019Association fran\u00e7aise d\u2019\u00e9tudes canadiennes (AFEC); Associ\u00e7\u00e3o Bresileira de Estudos Canadenses (ABECAN);<br>British Association of Canadian Studiem (BACS), International Council for Canadian Studies\/Conseil International d\u2019\u00c9tudes Canadiennes\/International Council for Canadian Studies (ICCS\/CI\u00c9C);<br>L\u2019Association Internationale des \u00c9tudes Qu\u00e9b\u00e9coise (AIS; cz\u0142onek Zarz\u0105du 2007-2013; cz\u0142onek Komitetu Naukowego 2007-);<br>Centre de recherche en litt\u00e9rature et en culture qu\u00e9b\u00e9coises (CRILCQ cz\u0142onek korespondent);<br>Centre Interuniversitaire d\u2019analyse du discours et de soociocritique des textes (CIADEST) do 2004r.<br><br>Cz\u0142onek komitet\u00f3w redakcyjnych :<br>Transcanadiana. Polish Journal of Canadian Studies\/Revue Polonaise d\u2019\u00c9tudes Canadiennes, Voix et images, Globe, Interfaces Canada\/Brasil, Canadart (Brazylia), L&#8217;Ann\u00e9e Francophone Internationale, Les Cahiers Victor-L\u00e9vy Beaulieu, Il Tolomeo. Revista di Studi Postcoloniali \/A Postcolonial Studies Journal \/ Journal d\u2019\u00e9tudes postcoloniales (Universit\u00e9 Ca\u2019Foscari, Venise)&nbsp;<\/p>\n\n\n\n<div style=\"height:20px\" aria-hidden=\"true\" class=\"wp-block-spacer\"><\/div>\n\n\n\n<h6 class=\"wp-block-heading\"><strong>Inne<\/strong><\/h6>\n\n\n\n<p>2018 r.- L&#8217;Ordre des Francophones d&#8217;Am\u00e9rique<br>2015 r.- Odznaczenie \u00ab Certificate of Merit \/ Certificat de M\u00e9rite \u00bb (\u201cza wybitny wk\u0142ad w rozw\u00f3j bada\u0144 kanadyjskich\u201d) przez International Council for Canadian Studies\/ Le Conseil international d\u2019\u00e9tudes canadiennes<br>2006 r.- wyr\u00f3\u017cnienie Minist\u00e8re de Relations Internationales du Canada i International Journal of Canadian Studies\/ Revue Internationale d\u2019\u00c9tudes Canadiennes dla uczenia 30-lecia programu bada\u0144 kanadyjskich w MSZ Kanady).<br>2004 r.- Nagroda im. Andrzeja Siemka miesi\u0119cznika Literatura na \u015bwiecie za rok 2003 (ufundowana przez Bibliotek\u0119 Narodow\u0105) za ksi\u0105\u017ck\u0119 Dialogi z Ameryk\u0105. O frankofo\u0144skiej literaturze w Qu\u00e9becu i na Karaibach, Krak\u00f3w, Universitas, 2003r. ;<br>Przek\u0142ady na francuski wierszy Czes\u0142awa Mi\u0142osza (w Libert\u00e9, Montreal, mai-juin 1981) i na polski sztuk Michela Tremblay, Les belles-s\u0153urs i Le vrai monde (w Dialogu, nr 8\/1990 i 11\/1994)<\/p>\n<\/div>\n<\/div>\n\n\n\n<p><\/p>\n","protected":false},"excerpt":{"rendered":"<p>prof. dr hab. J\u00f3zef Kwaterko Zak\u0142ad Literaturoznawstwa Francuskiego&nbsp; Profesor zwyczajny (grupa badawczo-dydaktyczna) IN MEMORIAM J\u00d3ZEF KWATERKO (1950-2023)\u00a0 https:\/\/www.agora-francophone.org\/in-memoriam-jozef-kwaterko-1950-2023 Tematyka bada\u0144 Literatura frankofo\u0144ska, kultura i literatura Qu\u00e9becu i Kanady Francuskiej socjokrytyka, analiza dyskursu spo\u0142ecznego, teoria powie\u015bci, powie\u015b\u0107 francuska XX w., to\u017csamo\u015b\u0107 kulturowa w literaturze, literatura obszaru Karaib\u00f3w frankofo\u0144skich (Antyle-Gujana, Haiti)&nbsp; Publikacje Przebieg kariery naukowej 1975 magisterium [&hellip;]<\/p>\n","protected":false},"author":1,"featured_media":0,"parent":802,"menu_order":0,"comment_status":"closed","ping_status":"closed","template":"","meta":{"footnotes":""},"class_list":["post-864","page","type-page","status-publish","hentry"],"_links":{"self":[{"href":"https:\/\/romanistyka.wn.uw.edu.pl\/index.php\/wp-json\/wp\/v2\/pages\/864","targetHints":{"allow":["GET"]}}],"collection":[{"href":"https:\/\/romanistyka.wn.uw.edu.pl\/index.php\/wp-json\/wp\/v2\/pages"}],"about":[{"href":"https:\/\/romanistyka.wn.uw.edu.pl\/index.php\/wp-json\/wp\/v2\/types\/page"}],"author":[{"embeddable":true,"href":"https:\/\/romanistyka.wn.uw.edu.pl\/index.php\/wp-json\/wp\/v2\/users\/1"}],"replies":[{"embeddable":true,"href":"https:\/\/romanistyka.wn.uw.edu.pl\/index.php\/wp-json\/wp\/v2\/comments?post=864"}],"version-history":[{"count":5,"href":"https:\/\/romanistyka.wn.uw.edu.pl\/index.php\/wp-json\/wp\/v2\/pages\/864\/revisions"}],"predecessor-version":[{"id":2150,"href":"https:\/\/romanistyka.wn.uw.edu.pl\/index.php\/wp-json\/wp\/v2\/pages\/864\/revisions\/2150"}],"up":[{"embeddable":true,"href":"https:\/\/romanistyka.wn.uw.edu.pl\/index.php\/wp-json\/wp\/v2\/pages\/802"}],"wp:attachment":[{"href":"https:\/\/romanistyka.wn.uw.edu.pl\/index.php\/wp-json\/wp\/v2\/media?parent=864"}],"curies":[{"name":"wp","href":"https:\/\/api.w.org\/{rel}","templated":true}]}}