{"id":836,"date":"2023-02-07T12:56:38","date_gmt":"2023-02-07T12:56:38","guid":{"rendered":"https:\/\/romanistyka.wn.uw.edu.pl\/?page_id=836"},"modified":"2026-02-11T21:05:44","modified_gmt":"2026-02-11T21:05:44","slug":"klik-marcin","status":"publish","type":"page","link":"https:\/\/romanistyka.wn.uw.edu.pl\/index.php\/pracownicy\/klik-marcin\/","title":{"rendered":"Marcin Klik"},"content":{"rendered":"\n<div class=\"wp-block-columns is-layout-flex wp-container-core-columns-is-layout-28f84493 wp-block-columns-is-layout-flex\">\n<div class=\"wp-block-column is-layout-flow wp-block-column-is-layout-flow\" style=\"flex-basis:33.33%\">\n<figure class=\"wp-block-image aligncenter size-full\"><img loading=\"lazy\" decoding=\"async\" width=\"150\" height=\"150\" src=\"https:\/\/romanistyka.wn.uw.edu.pl\/wp-content\/uploads\/2023\/02\/dr-hab.-Marcin-Klik.jpg\" alt=\"\" class=\"wp-image-837\"\/><\/figure>\n<\/div>\n\n\n\n<div class=\"wp-block-column is-layout-flow wp-block-column-is-layout-flow\" style=\"flex-basis:66.66%\">\n<h2 class=\"wp-block-heading\">dr hab. Marcin Klik<\/h2>\n\n\n\n<p>Zak\u0142ad Literaturoznawstwa Francuskiego&nbsp;<\/p>\n\n\n\n<p class=\"has-medium-font-size\">Adiunkt (grupa badawczo-dydaktyczna)&nbsp;<\/p>\n\n\n\n<p><a href=\"mailto:klik@uw.edu.pl\">klik@uw.edu.pl<\/a><\/p>\n\n\n\n<div style=\"height:20px\" aria-hidden=\"true\" class=\"wp-block-spacer\"><\/div>\n\n\n\n<h6 class=\"wp-block-heading\"><strong>Tematyka bada\u0144<\/strong><\/h6>\n\n\n\n<p>mitokrytyka, teoria literatury, metodologia bada\u0144 literaturoznawczych, literatura francuska XX wieku, psychologia tw\u00f3rczo\u015bci&nbsp;<\/p>\n\n\n\n<div style=\"height:20px\" aria-hidden=\"true\" class=\"wp-block-spacer\"><\/div>\n\n\n\n<h6 class=\"wp-block-heading\">wybrane <strong>Publikacje<\/strong><\/h6>\n\n\n\n<ul class=\"wp-block-list\">\n<li><em>La critique litt\u00e9raire de Jean Starobinski<\/em>, Warszawa, UW, 2007.&nbsp;<\/li>\n\n\n\n<li>\u201eThe Crisis of the Notion of Literary Myth in French Literary Studies\u201d [w:]&nbsp;<em>Myths in Crisis. The Crisis of Myth<\/em>, A. Lipscomb, J.M. Losada (red.), Cambridge, Cambridge Scholars Publishing, 2015, s. 91-102.&nbsp;<\/li>\n\n\n\n<li><em>Teorie mitu. Wsp\u00f3\u0142czesne literaturoznawstwo francuskie (1969-2010)<\/em>, Warszawa, Wydawnictwa Uniwersytetu Warszawskiego, 2016.&nbsp;<\/li>\n\n\n\n<li>\u201eA Feast for Our Time. On Eating and Drinking in Michel Houellebecq\u2019s Novels\u201d,&nbsp;<em>Kwartalnik Neofilologiczny<\/em>, 2020, nr 4, s. 516-526.&nbsp;<\/li>\n\n\n\n<li>\u201eMetamorphoses of Oedipus in Modern French Literature. From an Intellectual Drama to a Psychoanalytical Reflection on Ideal Love\u201d,&nbsp;<em>Interlitteraria<\/em>, 2020, nr 1, s. 170-184.&nbsp;<\/li>\n\n\n\n<li>M. Klik, A. Cierpka, <em>Rodzinne uwarunkowania kreatywno\u015bci<\/em>, Warszawa, Wydawnictwa Uniwersytetu Warszawskiego, 2022.&nbsp;<\/li>\n\n\n\n<li>Wi\u0119cej: <a rel=\"noreferrer noopener\" href=\"https:\/\/uw.academia.edu\/MarcinKlik\" target=\"_blank\"><em>https:\/\/uw.academia.edu\/MarcinKlik<\/em><\/a>, <a rel=\"noreferrer noopener\" href=\"https:\/\/orcid.org\/0000-0002-7323-2246\" target=\"_blank\"><em>https:\/\/orcid.org\/0000-0002-7323-2246<\/em><\/a>&nbsp;<\/li>\n<\/ul>\n\n\n\n<div style=\"height:20px\" aria-hidden=\"true\" class=\"wp-block-spacer\"><\/div>\n\n\n\n<h6 class=\"wp-block-heading\"><strong>Przebieg kariery naukowej<\/strong><\/h6>\n\n\n\n<p>2004 &#8211; doktorat<br>2005 &#8211; zatrudnienie w Instytucie Romanistyki UW<br>2008 &#8211; nagroda JM Rektora UW<br>2016 &#8211; habilitacja&nbsp;<\/p>\n\n\n\n<div style=\"height:20px\" aria-hidden=\"true\" class=\"wp-block-spacer\"><\/div>\n\n\n\n<h6 class=\"wp-block-heading\"><strong>Dzia\u0142alno\u015b\u0107<\/strong><\/h6>\n\n\n\n<p>cz\u0142onek Rady Dydaktycznej Mi\u0119dzykulturowych Studi\u00f3w Filologicznych<\/p>\n\n\n\n<p class=\"has-medium-font-size\">opiekun III roku<\/p>\n\n\n\n<p>administrator strony Instytutu Romanistyki<\/p>\n\n\n\n<p><\/p>\n<\/div>\n<\/div>\n","protected":false},"excerpt":{"rendered":"<p>dr hab. Marcin Klik Zak\u0142ad Literaturoznawstwa Francuskiego&nbsp; Adiunkt (grupa badawczo-dydaktyczna)&nbsp; klik@uw.edu.pl Tematyka bada\u0144 mitokrytyka, teoria literatury, metodologia bada\u0144 literaturoznawczych, literatura francuska XX wieku, psychologia tw\u00f3rczo\u015bci&nbsp; wybrane Publikacje Przebieg kariery naukowej 2004 &#8211; doktorat2005 &#8211; zatrudnienie w Instytucie Romanistyki UW2008 &#8211; nagroda JM Rektora UW2016 &#8211; habilitacja&nbsp; Dzia\u0142alno\u015b\u0107 cz\u0142onek Rady Dydaktycznej Mi\u0119dzykulturowych Studi\u00f3w Filologicznych opiekun III [&hellip;]<\/p>\n","protected":false},"author":1,"featured_media":0,"parent":802,"menu_order":0,"comment_status":"closed","ping_status":"closed","template":"","meta":{"footnotes":""},"class_list":["post-836","page","type-page","status-publish","hentry"],"_links":{"self":[{"href":"https:\/\/romanistyka.wn.uw.edu.pl\/index.php\/wp-json\/wp\/v2\/pages\/836","targetHints":{"allow":["GET"]}}],"collection":[{"href":"https:\/\/romanistyka.wn.uw.edu.pl\/index.php\/wp-json\/wp\/v2\/pages"}],"about":[{"href":"https:\/\/romanistyka.wn.uw.edu.pl\/index.php\/wp-json\/wp\/v2\/types\/page"}],"author":[{"embeddable":true,"href":"https:\/\/romanistyka.wn.uw.edu.pl\/index.php\/wp-json\/wp\/v2\/users\/1"}],"replies":[{"embeddable":true,"href":"https:\/\/romanistyka.wn.uw.edu.pl\/index.php\/wp-json\/wp\/v2\/comments?post=836"}],"version-history":[{"count":9,"href":"https:\/\/romanistyka.wn.uw.edu.pl\/index.php\/wp-json\/wp\/v2\/pages\/836\/revisions"}],"predecessor-version":[{"id":7334,"href":"https:\/\/romanistyka.wn.uw.edu.pl\/index.php\/wp-json\/wp\/v2\/pages\/836\/revisions\/7334"}],"up":[{"embeddable":true,"href":"https:\/\/romanistyka.wn.uw.edu.pl\/index.php\/wp-json\/wp\/v2\/pages\/802"}],"wp:attachment":[{"href":"https:\/\/romanistyka.wn.uw.edu.pl\/index.php\/wp-json\/wp\/v2\/media?parent=836"}],"curies":[{"name":"wp","href":"https:\/\/api.w.org\/{rel}","templated":true}]}}