{"id":652,"date":"2023-02-06T13:29:05","date_gmt":"2023-02-06T13:29:05","guid":{"rendered":"https:\/\/romanistyka.wn.uw.edu.pl\/?page_id=652"},"modified":"2023-02-07T09:07:50","modified_gmt":"2023-02-07T09:07:50","slug":"stowarzyszenie-absolwentow-irom","status":"publish","type":"page","link":"https:\/\/romanistyka.wn.uw.edu.pl\/index.php\/stowarzyszenie-absolwentow-irom\/","title":{"rendered":"Stowarzyszenie Absolwent\u00f3w IROM"},"content":{"rendered":"\n<h5 class=\"wp-block-heading\">STOWARZYSZENIE ABSOLWENT\u00d3W IROM \/ ASSOCIATION DES ANCIENS \u00c9TUDIANTS DE L\u2019INSTITUT<\/h5>\n\n\n\n<div style=\"height:20px\" aria-hidden=\"true\" class=\"wp-block-spacer\"><\/div>\n\n\n\n<p>Ch\u00e8re ancienne, cher ancien,<\/p>\n\n\n\n<div style=\"height:20px\" aria-hidden=\"true\" class=\"wp-block-spacer\"><\/div>\n\n\n\n<p>L\u2019id\u00e9e nous est venue de mettre en place une association des anciens \u00e9tudiants de l\u2019Institut d\u2019\u00e9tudes romanes de l\u2019Universit\u00e9 de Varsovie. Cette association aurait pour but principal de favoriser les contacts et les \u00e9changes entre \u00e9tudiants actuels et anciens.<\/p>\n\n\n\n<div style=\"height:20px\" aria-hidden=\"true\" class=\"wp-block-spacer\"><\/div>\n\n\n\n<p>Nous pensons, par exemple, \u00e0 organiser une rencontre chaque ann\u00e9e autour d\u2019une conf\u00e9rence ou d\u2019un d\u00e9bat. La premi\u00e8re rencontre pourrait avoir lieu \u00e0 l\u2019automne prochain, \u00e0 l\u2019occasion de la rentr\u00e9e acad\u00e9mique.<\/p>\n\n\n\n<div style=\"height:20px\" aria-hidden=\"true\" class=\"wp-block-spacer\"><\/div>\n\n\n\n<p>Nous pourrions \u00e9galement cr\u00e9er un bulletin, sous forme de \u00ab&nbsp;newsletter&nbsp;\u00bb, &nbsp;o\u00f9 ceux qui le souhaitent auraient l\u2019occasion de publier de petits textes pr\u00e9sentant des souvenirs de leurs \u00e9tudes ou de leur exp\u00e9rience professionnelle. Une rubrique \u00ab&nbsp;Petites annonces&nbsp;\u00bb donnerait l\u2019occasion \u00e0 ceux qui offrent un emploi et \u00e0 ceux qui en cherche un de se rencontrer.<\/p>\n\n\n\n<div style=\"height:20px\" aria-hidden=\"true\" class=\"wp-block-spacer\"><\/div>\n\n\n\n<p>Si vous \u00eates int\u00e9ress\u00e9 par ce projet et si vous souhaitez faire partie de notre association des anciens,&nbsp;nous vous demandons simplement de r\u00e9pondre \u00e0 ce mail avant le 6 avril 2020 \u00e0 l\u2019une des adresses suivantes&nbsp;:&nbsp;<a href=\"mailto:okecka@uw.edu.pl\">okecka@uw.edu.pl<\/a>&nbsp;ou&nbsp;<a href=\"mailto:p.peeters@uw.edu.pl\">p.peeters@uw.edu.pl<\/a>. A cause du RGPD (RODO), nous avons besoin de votre accord pour vous inscrire dans notre base de donn\u00e9es.<\/p>\n\n\n\n<div style=\"height:20px\" aria-hidden=\"true\" class=\"wp-block-spacer\"><\/div>\n\n\n\n<p>D\u2019autre part, si vous avez-vous-m\u00eame des contacts avec certains de nos anciens, nous vous serions tr\u00e8s reconnaissantes de leur faire suivre ce message&nbsp;!<\/p>\n\n\n\n<div style=\"height:20px\" aria-hidden=\"true\" class=\"wp-block-spacer\"><\/div>\n\n\n\n<p>Bien cordialement,<\/p>\n\n\n\n<p>Helene Ok\u0119cka et Pascale Peeters (au nom de l\u2019Institut)<\/p>\n","protected":false},"excerpt":{"rendered":"<p>STOWARZYSZENIE ABSOLWENT\u00d3W IROM \/ ASSOCIATION DES ANCIENS \u00c9TUDIANTS DE L\u2019INSTITUT Ch\u00e8re ancienne, cher ancien, L\u2019id\u00e9e nous est venue de mettre en place une association des anciens \u00e9tudiants de l\u2019Institut d\u2019\u00e9tudes romanes de l\u2019Universit\u00e9 de Varsovie. Cette association aurait pour but principal de favoriser les contacts et les \u00e9changes entre \u00e9tudiants actuels et anciens. Nous pensons, [&hellip;]<\/p>\n","protected":false},"author":1,"featured_media":0,"parent":0,"menu_order":0,"comment_status":"closed","ping_status":"closed","template":"","meta":{"footnotes":""},"class_list":["post-652","page","type-page","status-publish","hentry"],"_links":{"self":[{"href":"https:\/\/romanistyka.wn.uw.edu.pl\/index.php\/wp-json\/wp\/v2\/pages\/652","targetHints":{"allow":["GET"]}}],"collection":[{"href":"https:\/\/romanistyka.wn.uw.edu.pl\/index.php\/wp-json\/wp\/v2\/pages"}],"about":[{"href":"https:\/\/romanistyka.wn.uw.edu.pl\/index.php\/wp-json\/wp\/v2\/types\/page"}],"author":[{"embeddable":true,"href":"https:\/\/romanistyka.wn.uw.edu.pl\/index.php\/wp-json\/wp\/v2\/users\/1"}],"replies":[{"embeddable":true,"href":"https:\/\/romanistyka.wn.uw.edu.pl\/index.php\/wp-json\/wp\/v2\/comments?post=652"}],"version-history":[{"count":4,"href":"https:\/\/romanistyka.wn.uw.edu.pl\/index.php\/wp-json\/wp\/v2\/pages\/652\/revisions"}],"predecessor-version":[{"id":707,"href":"https:\/\/romanistyka.wn.uw.edu.pl\/index.php\/wp-json\/wp\/v2\/pages\/652\/revisions\/707"}],"wp:attachment":[{"href":"https:\/\/romanistyka.wn.uw.edu.pl\/index.php\/wp-json\/wp\/v2\/media?parent=652"}],"curies":[{"name":"wp","href":"https:\/\/api.w.org\/{rel}","templated":true}]}}