{"id":4776,"date":"2025-05-05T10:23:47","date_gmt":"2025-05-05T10:23:47","guid":{"rendered":"https:\/\/romanistyka.wn.uw.edu.pl\/?page_id=4776"},"modified":"2025-05-05T15:09:15","modified_gmt":"2025-05-05T15:09:15","slug":"czesto-zadawane-pytania-faq","status":"publish","type":"page","link":"https:\/\/romanistyka.wn.uw.edu.pl\/index.php\/czesto-zadawane-pytania-faq\/","title":{"rendered":"Cz\u0119sto zadawane pytania (FAQ)"},"content":{"rendered":"\n<h2 class=\"wp-block-heading\" style=\"padding-top:var(--wp--preset--spacing--60)\"><strong>Cz\u0119sto zadawane pytania (FAQ)<\/strong><\/h2>\n\n\n\n<p class=\"has-large-font-size\" style=\"padding-top:var(--wp--preset--spacing--40);padding-bottom:var(--wp--preset--spacing--40)\">W poni\u017cszych zak\u0142adkach znajdziecie najcz\u0119\u015bciej zadawane pytania dotycz\u0105ce studi\u00f3w w naszym Instytucie. Pojawi\u0105 si\u0119 one po klikni\u0119ciu na nag\u0142\u00f3wek z listy. <\/p>\n\n\n\n<details class=\"wp-block-details has-large-font-size is-layout-flow wp-block-details-is-layout-flow\" style=\"font-style:normal;font-weight:400\"><summary><strong>Rekrutacja i wymagania wst\u0119pne<\/strong><\/summary>\n<ol class=\"wp-block-list\">\n<li style=\"font-style:normal;font-weight:500\"><strong>Jakie s\u0105 wymagania rekrutacyjne na romanistyk\u0119?<\/strong><\/li>\n<\/ol>\n\n\n\n<p>W rekrutacji na studia I stopnia brane s\u0105 pod uwag\u0119 wyniki z matur z j\u0119zyka polskiego, matematyki oraz j\u0119zyka obcego nowo\u017cytnego \u2013 wszystkie trzy na poziomie podstawowym lub rozszerzonym (w zale\u017cno\u015bci od wyniku, bo system automatycznie uwzgl\u0119dnia najkorzystniejsz\u0105 kombinacj\u0119 przedmiot\u00f3w). Dodatkowo punktowana jest matura z j\u0119zyka francuskiego na poziomie rozszerzonym. Szczeg\u00f3\u0142owe informacje o wymaganiach rekrutacyjnych w roku akademickim 2025\/2026 znajduj\u0105 si\u0119 pod tym <a href=\"https:\/\/irk.uw.edu.pl\/pl\/offer\/PELNE2025\/programme\/S1-FLR\/?from=field:P_FLR\">linkiem<\/a>.<\/p>\n\n\n\n<ol start=\"2\" class=\"wp-block-list\">\n<li style=\"padding-top:var(--wp--preset--spacing--40);font-style:normal;font-weight:500\"><strong>Czy musz\u0119 zna\u0107 j\u0119zyk francuski przed rozpocz\u0119ciem studi\u00f3w?<\/strong><\/li>\n<\/ol>\n\n\n\n<p>Nie. Studia na filologii roma\u0144skiej mo\u017cna zacz\u0105\u0107 bez znajomo\u015bci j\u0119zyka francuskiego w ramach tak zwanej \u015bcie\u017cki podstawowej. Studenci zaczynaj\u0105cy nauk\u0119 od podstaw realizuj\u0105 wi\u0119cej godzin zaj\u0119\u0107 praktycznej nauki j\u0119zyka francuskiego, a sama nauka j\u0119zyka jest intensywna. Zaj\u0119cia kierunkowe na pierwszym roku (np. te z literatury francuskiej) odbywaj\u0105 si\u0119 dla student\u00f3w \u015bcie\u017cki \u201ep\u201d w j\u0119zyku polskim. Dopiero na trzecim roku studi\u00f3w do\u0142\u0105czaj\u0105 oni do student\u00f3w \u015bcie\u017cki zaawansowanej.<\/p>\n\n\n\n<ol start=\"3\" class=\"wp-block-list\">\n<li style=\"padding-top:var(--wp--preset--spacing--40);padding-bottom:var(--wp--preset--spacing--40);font-style:normal;font-weight:500\"><strong>Czy mo\u017cna studiowa\u0107 romanistyk\u0119 bez matury z j\u0119zyka francuskiego?<\/strong><\/li>\n<\/ol>\n\n\n\n<p>Tak. W trakcie rekrutacji brana jest pod uwag\u0119 matura podstawowa lub rozszerzona z dowolnego j\u0119zyka obcego nowo\u017cytnego, natomiast matura rozszerzona z j. francuskiego nie jest wymagana.<\/p>\n\n\n\n<ol start=\"4\" class=\"wp-block-list\">\n<li style=\"padding-top:var(--wp--preset--spacing--40);padding-bottom:var(--wp--preset--spacing--40);font-style:normal;font-weight:500\"><strong>Czy mog\u0119 si\u0119 rekrutowa\u0107, je\u015bli ucz\u0119 si\u0119 j\u0119zyka francuskiego dopiero od niedawna?<\/strong><\/li>\n<\/ol>\n\n\n\n<p>Tak. Z my\u015bl\u0105 o takich osobach powsta\u0142a \u015bcie\u017cka podstawowa, kt\u00f3ra pozwala zacz\u0105\u0107 nauk\u0119 j\u0119zyka od podstaw. Do grupy podstawowej z regu\u0142y przydziela si\u0119 r\u00f3wnie\u017c kandydat\u00f3w, kt\u00f3rych poziom francuskiego nie jest wystarczaj\u0105cy, aby kontynuowali oni nauk\u0119 w grupie zaawansowanej. O ka\u017cdym przypadku rozstrzygaj\u0105 nasi wyk\u0142adowcy-dydaktycy w oparciu o wyniki testu poziomuj\u0105cego.<\/p>\n\n\n\n<ol start=\"5\" class=\"wp-block-list\">\n<li style=\"padding-top:var(--wp--preset--spacing--40);padding-bottom:var(--wp--preset--spacing--40);font-style:normal;font-weight:500\"><strong>Czy na romanistyce jest egzamin wst\u0119pny?<\/strong><\/li>\n<\/ol>\n\n\n\n<p>Nie. Czynnikiem decyduj\u0105cym o przyj\u0119ciu na studia s\u0105 wyniki matur. W trakcie dnia adaptacyjnego odbywa si\u0119 natomiast test poziomuj\u0105cy z j\u0119zyka francuskiego \u2013 na jego podstawie rozdziela si\u0119 student\u00f3w do grup podstawowych i zaawansowanych.<\/p>\n\n\n\n<ol start=\"6\" class=\"wp-block-list\">\n<li style=\"padding-top:var(--wp--preset--spacing--40);padding-bottom:var(--wp--preset--spacing--40);font-style:normal;font-weight:500\"><strong>Jakie s\u0105 progi punktowe i limity miejsc?<\/strong><\/li>\n<\/ol>\n\n\n\n<p>Na studia I stopnia przyjmujemy maksymalnie 113 student\u00f3w.<\/p>\n\n\n\n<p>W roku 2024 pr\u00f3g punktowy wyni\u00f3s\u0142 57 pkt., natomiast w latach 2021, 2022 i 2023 \u2013 64,5 pkt.<\/p>\n<\/details>\n\n\n\n<details class=\"wp-block-details has-large-font-size is-layout-flow wp-block-details-is-layout-flow\" style=\"font-style:normal;font-weight:700\"><summary>Program studi\u00f3w<\/summary>\n<ol start=\"8\" class=\"wp-block-list\">\n<li style=\"padding-top:var(--wp--preset--spacing--20);padding-bottom:var(--wp--preset--spacing--20);font-style:normal;font-weight:500\"><strong>Czego uczymy si\u0119 na romanistyce \u2013 czy to tylko nauka j\u0119zyka francuskiego?<\/strong><\/li>\n<\/ol>\n\n\n\n<p style=\"font-style:normal;font-weight:300\">Nie. Warto pami\u0119ta\u0107, \u017ce studia filologiczne nie s\u0105 przyspieszonym kursem j\u0119zyka francuskiego! Na romanistyce uczymy si\u0119 oczywi\u015bcie samego j\u0119zyka, ale nie jest to jedyny cel studi\u00f3w. Pozosta\u0142e przedmioty dziel\u0105 si\u0119 na trzy du\u017ce kategorie: literatura i kultura, j\u0119zykoznawstwo i glottodydaktyka (nauczanie j\u0119zyk\u00f3w obcych \u2013 dla student\u00f3w, kt\u00f3rzy zadeklaruj\u0105 ch\u0119\u0107 realizowania tej specjalizacji). W trakcie studi\u00f3w romanistycznych zetkni\u0119cie si\u0119 wi\u0119c z histori\u0105 Francji, literatur\u0105 francusk\u0105 (od \u015bredniowiecza do wsp\u00f3\u0142czesno\u015bci) czy gramatyk\u0105 opisow\u0105. Ponadto, na ka\u017cdym etapie studi\u00f3w b\u0119dziecie mogli wybiera\u0107 konwersatoria z bardzo szerokiej oferty. Na romanistyce ka\u017cdy znajdzie swoj\u0105 nisz\u0119, a balans pomi\u0119dzy praktyczn\u0105 nauk\u0105 j\u0119zyka a przedmiotami <em>stricte <\/em>filologicznymi ma sprawi\u0107, \u017ce maksymalnie zag\u0142\u0119bimy si\u0119 w j\u0119zyk i wszystko to, co z nim zwi\u0105zane.<\/p>\n\n\n\n<ol start=\"9\" class=\"wp-block-list\">\n<li style=\"padding-top:var(--wp--preset--spacing--40);padding-bottom:var(--wp--preset--spacing--40);font-style:normal;font-weight:500\"><strong>Czy poza francuskim uczymy si\u0119 te\u017c innych j\u0119zyk\u00f3w roma\u0144skich?<\/strong><\/li>\n<\/ol>\n\n\n\n<p style=\"font-style:normal;font-weight:300\">J\u0119zykiem wyk\u0142adowym na romanistyce jest j\u0119zyk francuski i docelowo to jemu po\u015bwi\u0119camy najwi\u0119cej czasu i uwagi. Studenci maj\u0105 mo\u017cliwo\u015b\u0107 nauki innych j\u0119zyk\u00f3w roma\u0144skich w ramach lektorat\u00f3w \u2013 wyb\u00f3r j\u0119zyka z tej konkretnej grupy nie jest jednak obowi\u0105zkowy.<\/p>\n\n\n\n<ol start=\"10\" class=\"wp-block-list\">\n<li style=\"padding-top:var(--wp--preset--spacing--40);padding-bottom:var(--wp--preset--spacing--40);font-style:normal;font-weight:500\"><strong>Czy na studiach mog\u0119 wybra\u0107 specjalizacj\u0119? Jakie s\u0105 dost\u0119pne?<\/strong><\/li>\n<\/ol>\n\n\n\n<p style=\"font-style:normal;font-weight:300\">Tak. W trakcie studi\u00f3w istnieje mo\u017cliwo\u015b\u0107 wyboru \u015bcie\u017cki metodycznej, kt\u00f3ra oferuje przygotowanie pedagogiczne i umo\u017cliwia uzyskanie uprawnie\u0144 do nauczania j\u0119zyka francuskiego w szko\u0142ach publicznych. Na studiach II stopnia poza \u015bcie\u017ck\u0105 metodyczn\u0105 studenci mog\u0105 podej\u015b\u0107 do odr\u0119bnej rekrutacji na profil przek\u0142adowy, kt\u00f3ry oferuje przedmioty z teorii przek\u0142adu, t\u0142umaczenia pisemnego (w tym specjalistycznego) oraz t\u0142umaczenia ustnego.&nbsp;<\/p>\n\n\n\n<ol start=\"11\" class=\"wp-block-list\">\n<li style=\"padding-top:var(--wp--preset--spacing--40);padding-bottom:var(--wp--preset--spacing--40);font-style:normal;font-weight:500\"><strong>Jakie s\u0105 r\u00f3\u017cnice mi\u0119dzy \u015bcie\u017ck\u0105 og\u00f3ln\u0105, a \u015bcie\u017ck\u0105 metodyczn\u0105?<\/strong><\/li>\n<\/ol>\n\n\n\n<p style=\"font-style:normal;font-weight:300\">\u015acie\u017cka metodyczna stanowi zmodyfikowan\u0105 wersj\u0119 \u015bcie\u017cki og\u00f3lnej \u2013 jest uzupe\u0142niona o przedmioty ukierunkowane na przygotowanie do zawodu nauczyciela. Cho\u0107 obie \u015bcie\u017cki maj\u0105 zbli\u017con\u0105 struktur\u0119, studenci wybieraj\u0105cy profil metodyczny realizuj\u0105 dodatkowe zaj\u0119cia, takie jak pedagogika, wst\u0119p do psychologii czy dydaktyka nauczania. Wyrobiona nadwy\u017cka godzin i punkt\u00f3w ECTS umo\u017cliwia w takim wypadku rezygnacj\u0119 z niekt\u00f3rych kurs\u00f3w ze \u015bcie\u017cki og\u00f3lnej, np. filozofii francuskiej. Program zaj\u0119\u0107 metodycznych roz\u0142o\u017cony jest r\u00f3wnomiernie na wszystkie semestry, a jego celem jest stopniowe przygotowanie student\u00f3w do odbycia praktyk pedagogicznych oraz pracy w \u015brodowisku szkolnym.<\/p>\n\n\n\n<ol start=\"12\" class=\"wp-block-list\">\n<li style=\"padding-top:var(--wp--preset--spacing--40);padding-bottom:var(--wp--preset--spacing--40);font-style:normal;font-weight:500\"><strong>Czy zaj\u0119cia odbywaj\u0105 si\u0119 tylko w j\u0119zyku francuskim?<\/strong><\/li>\n<\/ol>\n\n\n\n<p style=\"font-style:normal;font-weight:300\">Nie. Na pierwszym roku studi\u00f3w po polsku prowadzone s\u0105 zaj\u0119cia ze wst\u0119pu do j\u0119zykoznawstwa, bez wzgl\u0119du na poziom zaawansowania student\u00f3w. Po polsku prowadzone s\u0105 r\u00f3wnie\u017c zaj\u0119cia kierunkowe (czyli inne ni\u017c praktyczna nauka j\u0119zyka francuskiego) dla student\u00f3w \u015bcie\u017cki podstawowej na pierwszym roku studi\u00f3w.<\/p>\n\n\n\n<ol start=\"13\" class=\"wp-block-list\">\n<li style=\"padding-top:var(--wp--preset--spacing--40);padding-bottom:var(--wp--preset--spacing--40);font-style:normal;font-weight:500\"><strong>Czy mo\u017cna przepisywa\u0107 przedmioty z innych uczelni lub wcze\u015bniejszych studi\u00f3w?<\/strong><\/li>\n<\/ol>\n\n\n\n<p style=\"font-style:normal;font-weight:300\">Tak, istnieje mo\u017cliwo\u015b\u0107 przepisania niekt\u00f3rych przedmiot\u00f3w zrealizowanych na innych uczelniach lub podczas wcze\u015bniejszych studi\u00f3w. Dotyczy to przede wszystkim przedmiot\u00f3w og\u00f3lnouniwersyteckich, lektorat\u00f3w, wychowania fizycznego czy innych kurs\u00f3w uznanych za r\u00f3wnowa\u017cne z programem studi\u00f3w. Aby przepisa\u0107 taki przedmiot, nale\u017cy z\u0142o\u017cy\u0107 odpowiedni wniosek i do\u0142\u0105czy\u0107 dokumentacj\u0119 potwierdzaj\u0105c\u0105 jego zaliczenie.<\/p>\n<\/details>\n\n\n\n<details class=\"wp-block-details has-large-font-size is-layout-flow wp-block-details-is-layout-flow\" style=\"font-style:normal;font-weight:700\"><summary><strong>Wyjazdy zagraniczne i wsp\u00f3\u0142praca mi\u0119dzynarodowa<\/strong><\/summary>\n<p style=\"padding-top:var(--wp--preset--spacing--40);padding-bottom:var(--wp--preset--spacing--40);font-style:normal;font-weight:500\"><strong>14. Czy mog\u0119 wyjecha\u0107 na Erasmusa? Jakie mamy uczelnie partnerskie?<\/strong><\/p>\n\n\n\n<p style=\"font-style:normal;font-weight:300\">Oczywi\u015bcie! Szczeg\u00f3\u0142owe informacje o uczelniach partnerskich i wymianie znajduj\u0105 si\u0119 w zak\u0142adce <a href=\"https:\/\/romanistyka.wn.uw.edu.pl\/index.php\/erasmus\/\">Erasmus+<\/a>.&nbsp;&nbsp;<\/p>\n<\/details>\n\n\n\n<details class=\"wp-block-details has-large-font-size is-layout-flow wp-block-details-is-layout-flow\" style=\"font-style:normal;font-weight:700\"><summary><strong>Organizacja studi\u00f3w, \u017cycie studenckie i sprawy \u017cyciowe\u2026<\/strong><\/summary>\n<p style=\"padding-top:var(--wp--preset--spacing--40);padding-bottom:var(--wp--preset--spacing--40);font-style:normal;font-weight:300\"><strong>15. Jakie ko\u0142a naukowe i organizacje studenckie dzia\u0142aj\u0105 na Wydziale Neofilologii i w Instytucie?<\/strong><\/p>\n\n\n\n<p style=\"padding-top:var(--wp--preset--spacing--40);padding-bottom:var(--wp--preset--spacing--40);font-style:normal;font-weight:300\">Na Wydziale Neofilologii funkcjonuje wiele k\u00f3\u0142 naukowych i organizacji studenckich, kt\u00f3re umo\u017cliwiaj\u0105 rozwijanie zainteresowa\u0144 oraz aktywne uczestnictwo w \u017cyciu akademickim. Ich lista dost\u0119pna jest pod tym <a href=\"https:\/\/neofilologia.uw.edu.pl\/studenci\/kola-naukowe-i-organizacje-studenckie\/\">linkiem<\/a>. Cz\u0119\u015b\u0107 z nich skupia student\u00f3w konkretnego kierunku, inne maj\u0105 charakter bardziej otwarty i interdyscyplinarny. W Instytucie Romanistyki dzia\u0142aj\u0105 aktywnie: Ko\u0142o Kultury Frankofo\u0144skiej oraz Ko\u0142o Literatury Frankofo\u0144skiej, kt\u00f3re regularnie organizuj\u0105 spotkania i wydarzenia promuj\u0105ce literatur\u0119 oraz kultur\u0119 kraj\u00f3w francuskoj\u0119zycznych. Na poziomie ca\u0142ego Wydzia\u0142u Neofilologii funkcjonuje r\u00f3wnie\u017c Samorz\u0105d Student\u00f3w, kt\u00f3ry reprezentuje interesy student\u00f3w.<\/p>\n\n\n\n<p style=\"padding-top:var(--wp--preset--spacing--40);padding-bottom:var(--wp--preset--spacing--40);font-style:normal;font-weight:300\"><strong>16. Czy niekt\u00f3re zaj\u0119cia odbywaj\u0105 si\u0119 r\u00f3wnie\u017c w trybie zdalnym?&nbsp;<\/strong><\/p>\n\n\n\n<p style=\"padding-top:var(--wp--preset--spacing--40);padding-bottom:var(--wp--preset--spacing--40);font-style:normal;font-weight:300\">Wi\u0119kszo\u015b\u0107 zaj\u0119\u0107 na kierunku odbywa si\u0119 w trybie stacjonarnym. Zaj\u0119cia prowadzone zdalnie nale\u017c\u0105 do rzadko\u015bci i stanowi\u0105 raczej wyj\u0105tek ni\u017c regu\u0142\u0119. Przyk\u0142adem takiego kursu jest technologia informacyjna, kt\u00f3ra z uwagi na sw\u00f3j charakter realizowana jest online. Niemniej zdecydowana wi\u0119kszo\u015b\u0107 przedmiot\u00f3w, zw\u0142aszcza praktycznych i j\u0119zykowych, wymaga obecno\u015bci na uczelni.<\/p>\n\n\n\n<p style=\"padding-top:var(--wp--preset--spacing--40);padding-bottom:var(--wp--preset--spacing--40);font-style:normal;font-weight:300\"><strong>17. Czy studia na romanistyce mo\u017cna pogodzi\u0107 z drugim kierunkiem studi\u00f3w?<\/strong><\/p>\n\n\n\n<p style=\"padding-top:var(--wp--preset--spacing--40);padding-bottom:var(--wp--preset--spacing--40);font-style:normal;font-weight:300\">Mo\u017cna, cho\u0107 jest to sprawa indywidualna i zale\u017cy od kierunku studi\u00f3w, jaki planuje si\u0119 dodatkowo podj\u0105\u0107, a tak\u017ce jego trybu. Warto pami\u0119ta\u0107, \u017ce na studiach I stopnia przedmiot\u00f3w jest stosunkowo sporo i \u017ce ich zaliczenie wymaga znacznych nak\u0142ad\u00f3w pracy \u2013 poza samym przygotowaniem do zaj\u0119\u0107 naszym g\u0142\u00f3wnym obowi\u0105zkiem jest intensywna nauka samego j\u0119zyka. Warto jest wygospodarowa\u0107 na to odpowiednio du\u017co czasu. Cz\u0119sto mo\u017cna spotka\u0107 si\u0119 z opini\u0105, \u017ce studia na filologii obcej w du\u017co wi\u0119kszym stopniu ni\u017c inne kierunki przypominaj\u0105 nauk\u0119 w liceum \u2013 na praktycznej nauce j\u0119zyka francuskiego rzeczywi\u015bcie s\u0105 prace domowe, korzystamy z podr\u0119cznik\u00f3w, a po zaj\u0119ciach sp\u0119dzamy czas na nauce s\u0142\u00f3wek i gramatyki (mamy te\u017c wej\u015bci\u00f3wki). Przez to romanistyka zdecydowanie nie nale\u017cy do typu kierunku studi\u00f3w, na kt\u00f3rym materia\u0142 do ka\u017cdego egzaminu mo\u017cna opanowa\u0107 na tydzie\u0144 przed sesj\u0105. W tej perspektywie r\u00f3wnoleg\u0142e studiowanie romanistyki i innego wymagaj\u0105cego kierunku (szczeg\u00f3lnie drugiej filologii obcej) mo\u017ce okaza\u0107 si\u0119 dla wielu os\u00f3b wyzwaniem.&nbsp;<\/p>\n\n\n\n<p style=\"padding-top:var(--wp--preset--spacing--40);padding-bottom:var(--wp--preset--spacing--40);font-style:normal;font-weight:300\"><strong>18. Czy poza standardowymi zaj\u0119ciami odbywaj\u0105 si\u0119 inne wydarzenia studenckie i naukowe?<\/strong><\/p>\n\n\n\n<p style=\"padding-top:var(--wp--preset--spacing--40);padding-bottom:var(--wp--preset--spacing--40);font-style:normal;font-weight:300\">Zdecydowanie! Poza standardowymi zaj\u0119ciami organizowane s\u0105 r\u00f3\u017cne wydarzenia studenckie i naukowe, kt\u00f3re w du\u017cej mierze zale\u017c\u0105 od inicjatywy samych student\u00f3w. Jednym z najwi\u0119kszych wydarze\u0144 w naszym Instytucje s\u0105 coroczne Dni Frankofonii, kt\u00f3re trwaj\u0105 dwa dni. Wtedy nie odbywaj\u0105 si\u0119 standardowe zaj\u0119cia, a wi\u0119kszo\u015b\u0107 z nas ten czas sp\u0119dza na otwartych wyk\u0142adach, spotkaniach, debatach i degustacji jedzenia z r\u00f3\u017cnych region\u00f3w frankofonii. Warto doda\u0107, \u017ce niemal wszystkie wydarzenia w Instytucie s\u0105 organizowane z zaanga\u017cowaniem student\u00f3w, przy wsparciu zespo\u0142u dyrektorskiego i wyk\u0142adowc\u00f3w. Instytut Romanistyki zdecydowanie zapewnia studentom szerokie pole do wsp\u00f3\u0142tworzenia \u017cycia akademickiego. Poza Dniami Frankofonii, regularnie odbywaj\u0105 si\u0119 tak\u017ce spotkania z autorami i t\u0142umaczami, otwarte wyk\u0142ady, pikniki i wyj\u015bcia poza Uniwersytet. Wszystkimi wydarzeniami, kt\u00f3re maj\u0105 miejsce w Instytucie, dzielimy si\u0119 na naszym <a href=\"https:\/\/www.instagram.com\/romanistyka.uw\/\">instagramie<\/a>, gdzie serdecznie Was zapraszamy.<\/p>\n\n\n\n<p style=\"padding-top:var(--wp--preset--spacing--40);padding-bottom:var(--wp--preset--spacing--40);font-style:normal;font-weight:300\"><strong>19. Czy mo\u017cliwa jest indywidualna organizacja studi\u00f3w?<\/strong><\/p>\n\n\n\n<p style=\"padding-top:var(--wp--preset--spacing--40);padding-bottom:var(--wp--preset--spacing--40);font-style:normal;font-weight:300\">Tak. Istnieje mo\u017cliwo\u015b\u0107 indywidualnej organizacji studi\u00f3w, szczeg\u00f3lnie dla os\u00f3b z problemami zdrowotnymi lub innymi trudno\u015bciami. W takim przypadku nale\u017cy skontaktowa\u0107 si\u0119 z Biurem Obs\u0142ugi Os\u00f3b z Niepe\u0142nosprawno\u015bciami (BON). Szczeg\u00f3\u0142owe informacje na temat s\u0105 dost\u0119pne pod tym <a href=\"https:\/\/bon.uw.edu.pl\/studenci\/wsparcie\/indywidualizacja-toku-studiow\/\">linkiem<\/a>.<\/p>\n\n\n\n<p style=\"padding-top:var(--wp--preset--spacing--40);padding-bottom:var(--wp--preset--spacing--40);font-style:normal;font-weight:300\"><strong>20. Czy mo\u017cna pogodzi\u0107 romanistyk\u0119 z prac\u0105 zawodow\u0105?<\/strong><\/p>\n\n\n\n<p style=\"padding-top:var(--wp--preset--spacing--40);padding-bottom:var(--wp--preset--spacing--40);font-style:normal;font-weight:300\">Mo\u017cna i wiele naszych kole\u017canek i koleg\u00f3w podejmuje prac\u0119 w trakcie studi\u00f3w. Jest to jednak decyzja indywidualna. W kontek\u015bcie \u0142\u0105czenia studi\u00f3w z prac\u0105 na pewno pomocne jest to, \u017ce grupy niemal wszystkich przedmiot\u00f3w mo\u017cemy wybra\u0107 w oparciu o nasze mo\u017cliwo\u015bci czasowe, bo samodzielnie rejestrujemy si\u0119 na zaj\u0119cia.<\/p>\n<\/details>\n\n\n\n<details class=\"wp-block-details has-large-font-size is-layout-flow wp-block-details-is-layout-flow\" style=\"font-style:normal;font-weight:700\"><summary><strong>Gdzie w zasadzie pracuje romanista?<\/strong><\/summary>\n<p style=\"font-style:normal;font-weight:300\">Romanistyka to<strong> <\/strong>o kierunek dla tych, kt\u00f3rzy chc\u0105 pracowa\u0107 z lud\u017ami, kultur\u0105, s\u0142owem \u2013 i kt\u00f3rzy wiedz\u0105, \u017ce francuski otwiera drzwi tam, gdzie angielski ju\u017c nie wystarcza \ud83d\ude42<\/p>\n\n\n\n<p style=\"font-style:normal;font-weight:300\">Nasi absolwenci pracuj\u0105 jako t\u0142umacze, nauczyciele, dziennikarze, specjali\u015bci ds. komunikacji, w sektorze kultury, administracji, dyplomacji i biznesie. Znajomo\u015b\u0107 francuskiego wci\u0105\u017c jest w Polsce atutem rzadkim \u2013 i przez to bardzo cenionym. Nie bez powodu: Francja to drugi co do wielko\u015bci inwestor w Polsce, a dzia\u0142a u nas niemal 1200 firm z francuskim kapita\u0142em.<\/p>\n\n\n\n<p style=\"font-style:normal;font-weight:300\">W trakcie studi\u00f3w na romanistyce masz okazj\u0119 pozna\u0107 nie tylko sam j\u0119zyk, ale rozwin\u0105\u0107 ca\u0142y szereg kompetencji przydatnych w ka\u017cdej pracy: publiczne m\u00f3wienie, redagowanie r\u00f3\u017cnorodnych tekst\u00f3w, my\u015blenie krytycznie. Takie cechy przydadz\u0105 ci si\u0119 niezale\u017cnie od tego, czy t\u0142umaczysz ksi\u0105\u017ck\u0119, piszesz artyku\u0142, czy rozmawiasz z zagranicznym kontrahentem.<\/p>\n<\/details>\n\n\n\n<p class=\"has-large-font-size\" style=\"padding-top:var(--wp--preset--spacing--50);padding-bottom:var(--wp--preset--spacing--50)\">PS Skr\u00f3towiec &#8222;FAQ&#8221; na Romanistyce rozwijamy oczywi\u015bcie jako &#8222;foire aux questions&#8221; :-).<\/p>\n","protected":false},"excerpt":{"rendered":"<p>Cz\u0119sto zadawane pytania (FAQ) W poni\u017cszych zak\u0142adkach znajdziecie najcz\u0119\u015bciej zadawane pytania dotycz\u0105ce studi\u00f3w w naszym Instytucie. Pojawi\u0105 si\u0119 one po klikni\u0119ciu na nag\u0142\u00f3wek z listy. PS Skr\u00f3towiec &#8222;FAQ&#8221; na Romanistyce rozwijamy oczywi\u015bcie jako &#8222;foire aux questions&#8221; :-).<\/p>\n","protected":false},"author":15,"featured_media":0,"parent":0,"menu_order":0,"comment_status":"closed","ping_status":"closed","template":"page-no-title","meta":{"footnotes":""},"class_list":["post-4776","page","type-page","status-publish","hentry"],"_links":{"self":[{"href":"https:\/\/romanistyka.wn.uw.edu.pl\/index.php\/wp-json\/wp\/v2\/pages\/4776","targetHints":{"allow":["GET"]}}],"collection":[{"href":"https:\/\/romanistyka.wn.uw.edu.pl\/index.php\/wp-json\/wp\/v2\/pages"}],"about":[{"href":"https:\/\/romanistyka.wn.uw.edu.pl\/index.php\/wp-json\/wp\/v2\/types\/page"}],"author":[{"embeddable":true,"href":"https:\/\/romanistyka.wn.uw.edu.pl\/index.php\/wp-json\/wp\/v2\/users\/15"}],"replies":[{"embeddable":true,"href":"https:\/\/romanistyka.wn.uw.edu.pl\/index.php\/wp-json\/wp\/v2\/comments?post=4776"}],"version-history":[{"count":8,"href":"https:\/\/romanistyka.wn.uw.edu.pl\/index.php\/wp-json\/wp\/v2\/pages\/4776\/revisions"}],"predecessor-version":[{"id":4853,"href":"https:\/\/romanistyka.wn.uw.edu.pl\/index.php\/wp-json\/wp\/v2\/pages\/4776\/revisions\/4853"}],"wp:attachment":[{"href":"https:\/\/romanistyka.wn.uw.edu.pl\/index.php\/wp-json\/wp\/v2\/media?parent=4776"}],"curies":[{"name":"wp","href":"https:\/\/api.w.org\/{rel}","templated":true}]}}