{"id":4180,"date":"2025-04-30T02:44:30","date_gmt":"2025-04-30T02:44:30","guid":{"rendered":"https:\/\/romanistyka.wn.uw.edu.pl\/?page_id=4180"},"modified":"2025-04-30T02:44:30","modified_gmt":"2025-04-30T02:44:30","slug":"frankoteka-triste-tigre","status":"publish","type":"page","link":"https:\/\/romanistyka.wn.uw.edu.pl\/index.php\/frankoteka-triste-tigre\/","title":{"rendered":"FRANKOTEKA: Spotkanie wok\u00f3\u0142 &#8222;Triste tigre&#8221; Neige Sinno"},"content":{"rendered":"\n<p>W czwartek 15 maja o godzinie 13.15 odb\u0119dzie si\u0119 trzecie w tym roku akademickim spotkanie z cyklu FRANKOTEKA, w ramach kt\u00f3rego w IR go\u015bcimy t\u0142umaczy i pisarzy pisz\u0105cych o krajach frankofo\u0144skich. Tym razem b\u0119dzie ono po\u015bwi\u0119cone ksi\u0105\u017cce, o kt\u00f3rej by\u0142o we Francji bardzo g\u0142o\u015bno &#8211; \u00abTriste tigre\u00bb Neige Sinno.<br>Ta ksi\u0105\u017cka to niezwyk\u0142y zapis do\u015bwiadczenia kobiety, kt\u00f3ra w wieku siedmiu lat zacz\u0119\u0142a by\u0107 wykorzystywana przez swojego ojczyma i mocny g\u0142os literatury zaanga\u017cowanej w przywracanie sprawczo\u015bci ofiarom wykorzystania seksualnego.<\/p>\n\n\n\n<p><br>Go\u015b\u0107mi spotkania b\u0119d\u0105 autorka polskiego przek\u0142adu, Katarzyna Marczewska i literaturoznawca, dr Wies\u0142aw Kroker. Poprowadz\u0105 je studentka IV roku i prezeska <a href=\"https:\/\/www.instagram.com\/kololiteraturfrankofonskich\/\">@kololiteraturfrankofonskich<\/a> Olga Mackiewicz i dr Magdalena Grycan<\/p>\n","protected":false},"excerpt":{"rendered":"<p>W czwartek 15 maja o godzinie 13.15 odb\u0119dzie si\u0119 trzecie w tym roku akademickim spotkanie z cyklu FRANKOTEKA, w ramach kt\u00f3rego w IR go\u015bcimy t\u0142umaczy i pisarzy pisz\u0105cych o krajach frankofo\u0144skich. Tym razem b\u0119dzie ono po\u015bwi\u0119cone ksi\u0105\u017cce, o kt\u00f3rej by\u0142o we Francji bardzo g\u0142o\u015bno &#8211; \u00abTriste tigre\u00bb Neige Sinno.Ta ksi\u0105\u017cka to niezwyk\u0142y zapis do\u015bwiadczenia kobiety, [&hellip;]<\/p>\n","protected":false},"author":15,"featured_media":0,"parent":0,"menu_order":0,"comment_status":"closed","ping_status":"closed","template":"page-no-title","meta":{"footnotes":""},"class_list":["post-4180","page","type-page","status-publish","hentry"],"_links":{"self":[{"href":"https:\/\/romanistyka.wn.uw.edu.pl\/index.php\/wp-json\/wp\/v2\/pages\/4180","targetHints":{"allow":["GET"]}}],"collection":[{"href":"https:\/\/romanistyka.wn.uw.edu.pl\/index.php\/wp-json\/wp\/v2\/pages"}],"about":[{"href":"https:\/\/romanistyka.wn.uw.edu.pl\/index.php\/wp-json\/wp\/v2\/types\/page"}],"author":[{"embeddable":true,"href":"https:\/\/romanistyka.wn.uw.edu.pl\/index.php\/wp-json\/wp\/v2\/users\/15"}],"replies":[{"embeddable":true,"href":"https:\/\/romanistyka.wn.uw.edu.pl\/index.php\/wp-json\/wp\/v2\/comments?post=4180"}],"version-history":[{"count":1,"href":"https:\/\/romanistyka.wn.uw.edu.pl\/index.php\/wp-json\/wp\/v2\/pages\/4180\/revisions"}],"predecessor-version":[{"id":4181,"href":"https:\/\/romanistyka.wn.uw.edu.pl\/index.php\/wp-json\/wp\/v2\/pages\/4180\/revisions\/4181"}],"wp:attachment":[{"href":"https:\/\/romanistyka.wn.uw.edu.pl\/index.php\/wp-json\/wp\/v2\/media?parent=4180"}],"curies":[{"name":"wp","href":"https:\/\/api.w.org\/{rel}","templated":true}]}}