{"id":232,"date":"2023-02-03T10:37:42","date_gmt":"2023-02-03T10:37:42","guid":{"rendered":"https:\/\/romanistyka.wn.uw.edu.pl\/?page_id=232"},"modified":"2025-05-22T11:37:12","modified_gmt":"2025-05-22T11:37:12","slug":"wladze-instytutu","status":"publish","type":"page","link":"https:\/\/romanistyka.wn.uw.edu.pl\/index.php\/wladze-instytutu\/","title":{"rendered":"W\u0142adze Instytutu"},"content":{"rendered":"\n<div class=\"wp-block-group alignwide is-layout-flow wp-block-group-is-layout-flow\" style=\"padding-top:var(--wp--preset--spacing--40);padding-right:0;padding-bottom:var(--wp--preset--spacing--40);padding-left:0\">\n<div class=\"wp-block-columns is-layout-flex wp-container-core-columns-is-layout-7abde1fe wp-block-columns-is-layout-flex\" style=\"padding-top:var(--wp--preset--spacing--40);padding-bottom:var(--wp--preset--spacing--40)\">\n<div class=\"wp-block-column is-layout-flow wp-block-column-is-layout-flow\" style=\"flex-basis:30%\">\n<figure class=\"wp-block-image size-full is-resized\"><img loading=\"lazy\" decoding=\"async\" width=\"543\" height=\"760\" src=\"https:\/\/romanistyka.wn.uw.edu.pl\/wp-content\/uploads\/2024\/10\/IMG_3416-2.jpg\" alt=\"\" class=\"wp-image-3375\" style=\"width:200px\" srcset=\"https:\/\/romanistyka.wn.uw.edu.pl\/wp-content\/uploads\/2024\/10\/IMG_3416-2.jpg 543w, https:\/\/romanistyka.wn.uw.edu.pl\/wp-content\/uploads\/2024\/10\/IMG_3416-2-214x300.jpg 214w\" sizes=\"auto, (max-width: 543px) 100vw, 543px\" \/><\/figure>\n<\/div>\n\n\n\n<div class=\"wp-block-column is-layout-flow wp-block-column-is-layout-flow\" style=\"flex-basis:70%\">\n<h2 class=\"wp-block-heading\"><strong>Dyrektor Instytutu<\/strong><\/h2>\n\n\n\n<p class=\"has-large-font-size\">dr Micha\u0142 Obszy\u0144ski<br>m.obszynski2@uw.edu.pl<br>pok\u00f3j: 2.415 (II pi\u0119tro)<\/p>\n<\/div>\n<\/div>\n<\/div>\n\n\n\n<div class=\"wp-block-group alignwide is-layout-flow wp-block-group-is-layout-flow\" style=\"padding-top:var(--wp--preset--spacing--40);padding-right:0;padding-bottom:var(--wp--preset--spacing--40);padding-left:0\">\n<div class=\"wp-block-columns is-layout-flex wp-container-core-columns-is-layout-28f84493 wp-block-columns-is-layout-flex\">\n<div class=\"wp-block-column is-layout-flow wp-block-column-is-layout-flow\" style=\"flex-basis:30%\">\n<figure class=\"wp-block-image size-full is-resized\"><img loading=\"lazy\" decoding=\"async\" width=\"1050\" height=\"1361\" src=\"https:\/\/romanistyka.wn.uw.edu.pl\/wp-content\/uploads\/2024\/10\/IMG_3419.jpg\" alt=\"\" class=\"wp-image-3383\" style=\"width:200px\" srcset=\"https:\/\/romanistyka.wn.uw.edu.pl\/wp-content\/uploads\/2024\/10\/IMG_3419.jpg 1050w, https:\/\/romanistyka.wn.uw.edu.pl\/wp-content\/uploads\/2024\/10\/IMG_3419-231x300.jpg 231w, https:\/\/romanistyka.wn.uw.edu.pl\/wp-content\/uploads\/2024\/10\/IMG_3419-790x1024.jpg 790w, https:\/\/romanistyka.wn.uw.edu.pl\/wp-content\/uploads\/2024\/10\/IMG_3419-768x995.jpg 768w\" sizes=\"auto, (max-width: 1050px) 100vw, 1050px\" \/><\/figure>\n<\/div>\n\n\n\n<div class=\"wp-block-column is-layout-flow wp-block-column-is-layout-flow\" style=\"flex-basis:70%\">\n<h2 class=\"wp-block-heading\"><strong><strong>Zast\u0119pczyni Dyrektora ds. naukowych<\/strong><\/strong><\/h2>\n\n\n\n<p class=\"has-large-font-size\">  dr Magdalena Grycan <br>  m.grycan@uw.edu.pl<br>  pok\u00f3j : 2.415 (II pi\u0119tro)<\/p>\n<\/div>\n<\/div>\n<\/div>\n\n\n\n<div class=\"wp-block-group alignwide is-layout-flow wp-block-group-is-layout-flow\" style=\"padding-top:var(--wp--preset--spacing--40);padding-right:0;padding-bottom:var(--wp--preset--spacing--40);padding-left:0\">\n<div class=\"wp-block-columns is-layout-flex wp-container-core-columns-is-layout-28f84493 wp-block-columns-is-layout-flex\">\n<div class=\"wp-block-column is-layout-flow wp-block-column-is-layout-flow\" style=\"flex-basis:30%\">\n<figure class=\"wp-block-image size-full is-resized\"><img loading=\"lazy\" decoding=\"async\" width=\"649\" height=\"796\" src=\"https:\/\/romanistyka.wn.uw.edu.pl\/wp-content\/uploads\/2024\/10\/IMG_3418.jpg\" alt=\"\" class=\"wp-image-3380\" style=\"width:200px\" srcset=\"https:\/\/romanistyka.wn.uw.edu.pl\/wp-content\/uploads\/2024\/10\/IMG_3418.jpg 649w, https:\/\/romanistyka.wn.uw.edu.pl\/wp-content\/uploads\/2024\/10\/IMG_3418-245x300.jpg 245w\" sizes=\"auto, (max-width: 649px) 100vw, 649px\" \/><\/figure>\n<\/div>\n\n\n\n<div class=\"wp-block-column is-layout-flow wp-block-column-is-layout-flow\" style=\"flex-basis:70%\">\n<h2 class=\"wp-block-heading\">Kierownik studi\u00f3w<\/h2>\n\n\n\n<p class=\"has-large-font-size\">    dr Karolina Wawrzonek<br>    k.wawrzonek@uw.edu.pl<br>    pok\u00f3j : 2.415 (II pi\u0119tro)<\/p>\n<\/div>\n<\/div>\n<\/div>\n\n\n\n<p class=\"has-large-font-size\" style=\"padding-top:var(--wp--preset--spacing--40);padding-bottom:var(--wp--preset--spacing--40)\">Informacja o dy\u017curach w zak\u0142adce <a href=\"http:\/\/romanistyka.wn.uw.edu.pl\/index.php\/dyzury-pracownikow\/\">Dy\u017cury pracownik\u00f3w<\/a><\/p>\n","protected":false},"excerpt":{"rendered":"<p>Dyrektor Instytutu dr Micha\u0142 Obszy\u0144skim.obszynski2@uw.edu.plpok\u00f3j: 2.415 (II pi\u0119tro) Zast\u0119pczyni Dyrektora ds. naukowych dr Magdalena Grycan m.grycan@uw.edu.pl pok\u00f3j : 2.415 (II pi\u0119tro) Kierownik studi\u00f3w dr Karolina Wawrzonek k.wawrzonek@uw.edu.pl pok\u00f3j : 2.415 (II pi\u0119tro) Informacja o dy\u017curach w zak\u0142adce Dy\u017cury pracownik\u00f3w<\/p>\n","protected":false},"author":1,"featured_media":0,"parent":0,"menu_order":0,"comment_status":"closed","ping_status":"closed","template":"page-no-title","meta":{"footnotes":""},"class_list":["post-232","page","type-page","status-publish","hentry"],"_links":{"self":[{"href":"https:\/\/romanistyka.wn.uw.edu.pl\/index.php\/wp-json\/wp\/v2\/pages\/232","targetHints":{"allow":["GET"]}}],"collection":[{"href":"https:\/\/romanistyka.wn.uw.edu.pl\/index.php\/wp-json\/wp\/v2\/pages"}],"about":[{"href":"https:\/\/romanistyka.wn.uw.edu.pl\/index.php\/wp-json\/wp\/v2\/types\/page"}],"author":[{"embeddable":true,"href":"https:\/\/romanistyka.wn.uw.edu.pl\/index.php\/wp-json\/wp\/v2\/users\/1"}],"replies":[{"embeddable":true,"href":"https:\/\/romanistyka.wn.uw.edu.pl\/index.php\/wp-json\/wp\/v2\/comments?post=232"}],"version-history":[{"count":35,"href":"https:\/\/romanistyka.wn.uw.edu.pl\/index.php\/wp-json\/wp\/v2\/pages\/232\/revisions"}],"predecessor-version":[{"id":6231,"href":"https:\/\/romanistyka.wn.uw.edu.pl\/index.php\/wp-json\/wp\/v2\/pages\/232\/revisions\/6231"}],"wp:attachment":[{"href":"https:\/\/romanistyka.wn.uw.edu.pl\/index.php\/wp-json\/wp\/v2\/media?parent=232"}],"curies":[{"name":"wp","href":"https:\/\/api.w.org\/{rel}","templated":true}]}}