{"id":1792,"date":"2023-07-24T13:17:11","date_gmt":"2023-07-24T13:17:11","guid":{"rendered":"https:\/\/romanistyka.wn.uw.edu.pl\/?page_id=1792"},"modified":"2025-05-22T12:20:37","modified_gmt":"2025-05-22T12:20:37","slug":"mish","status":"publish","type":"page","link":"https:\/\/romanistyka.wn.uw.edu.pl\/index.php\/mish\/","title":{"rendered":"Kolegium MISH"},"content":{"rendered":"\n<p><a href=\"https:\/\/www.mish.uw.edu.pl\/\"><strong>Kolegium Mi\u0119dzydziedzinowych Indywidualnych<\/strong> <strong>Studi\u00f3w Humanistycznych i Spo\u0142ecznych<\/strong><\/a><\/p>\n\n\n\n<div style=\"height:30px\" aria-hidden=\"true\" class=\"wp-block-spacer\"><\/div>\n\n\n\n<p>Studenta obowi\u0105zuje minimum programowe og\u0142oszone w roku przyj\u0119cia studenta lub ostatnie przed jego przyj\u0119ciem.&nbsp;<\/p>\n\n\n\n<p><em>Studenta przyj\u0119tego do MISH w roku ak. 2017\/2018 obowi\u0105zuje minimum z roku 2017\/2018. Je\u017celi nie by\u0142o og\u0142oszonego nowego minimum w tym roku, to obowi\u0105zuje go ostatnie minimum poprzedzaj\u0105ce rok ak. 2017\/2018 (np. 2016\/2017).<\/em><\/p>\n\n\n\n<div style=\"height:26px\" aria-hidden=\"true\" class=\"wp-block-spacer\"><\/div>\n\n\n\n<p><strong><span style=\"text-decoration: underline;\">Poni\u017cej minimum programowe dla kierunku : filologia roma\u0144ska dla student\u00f3w przyj\u0119tych w r.a. 2023\/2024<\/span><\/strong><\/p>\n\n\n\n<div style=\"height:26px\" aria-hidden=\"true\" class=\"wp-block-spacer\"><\/div>\n\n\n\n<div class=\"wp-block-file\"><a id=\"wp-block-file--media-3733ec14-7b66-499c-8d01-d0ad99d6326c\" href=\"https:\/\/romanistyka.wn.uw.edu.pl\/wp-content\/uploads\/2023\/07\/MISH-minimum-programowe-od-2023.pdf\">MISH-minimum-programowe-od-2023<\/a><a href=\"https:\/\/romanistyka.wn.uw.edu.pl\/wp-content\/uploads\/2023\/07\/MISH-minimum-programowe-od-2023.pdf\" class=\"wp-block-file__button wp-element-button\" download aria-describedby=\"wp-block-file--media-3733ec14-7b66-499c-8d01-d0ad99d6326c\">Pobierz<\/a><\/div>\n\n\n\n<div style=\"height:26px\" aria-hidden=\"true\" class=\"wp-block-spacer\"><\/div>\n\n\n\n<p><strong>Poni\u017cej minimum programowe dla kierunku : filologia roma\u0144ska dla student\u00f3w przyj\u0119tych w r.a. 2020\/2021<\/strong> <\/p>\n\n\n\n<div style=\"height:26px\" aria-hidden=\"true\" class=\"wp-block-spacer\"><\/div>\n\n\n\n<div class=\"wp-block-file\"><a id=\"wp-block-file--media-652080b1-291f-47ea-9974-9dc3ac63955c\" href=\"https:\/\/romanistyka.wn.uw.edu.pl\/wp-content\/uploads\/2023\/07\/MISH-minimum-programowe-od-2020.pdf\">MISH-minimum-programowe-od-2020<\/a><a href=\"https:\/\/romanistyka.wn.uw.edu.pl\/wp-content\/uploads\/2023\/07\/MISH-minimum-programowe-od-2020.pdf\" class=\"wp-block-file__button wp-element-button\" download aria-describedby=\"wp-block-file--media-652080b1-291f-47ea-9974-9dc3ac63955c\">Pobierz<\/a><\/div>\n","protected":false},"excerpt":{"rendered":"<p>Kolegium Mi\u0119dzydziedzinowych Indywidualnych Studi\u00f3w Humanistycznych i Spo\u0142ecznych Studenta obowi\u0105zuje minimum programowe og\u0142oszone w roku przyj\u0119cia studenta lub ostatnie przed jego przyj\u0119ciem.&nbsp; Studenta przyj\u0119tego do MISH w roku ak. 2017\/2018 obowi\u0105zuje minimum z roku 2017\/2018. Je\u017celi nie by\u0142o og\u0142oszonego nowego minimum w tym roku, to obowi\u0105zuje go ostatnie minimum poprzedzaj\u0105ce rok ak. 2017\/2018 (np. 2016\/2017). Poni\u017cej [&hellip;]<\/p>\n","protected":false},"author":4,"featured_media":0,"parent":0,"menu_order":0,"comment_status":"closed","ping_status":"closed","template":"page-no-title","meta":{"footnotes":""},"class_list":["post-1792","page","type-page","status-publish","hentry"],"_links":{"self":[{"href":"https:\/\/romanistyka.wn.uw.edu.pl\/index.php\/wp-json\/wp\/v2\/pages\/1792","targetHints":{"allow":["GET"]}}],"collection":[{"href":"https:\/\/romanistyka.wn.uw.edu.pl\/index.php\/wp-json\/wp\/v2\/pages"}],"about":[{"href":"https:\/\/romanistyka.wn.uw.edu.pl\/index.php\/wp-json\/wp\/v2\/types\/page"}],"author":[{"embeddable":true,"href":"https:\/\/romanistyka.wn.uw.edu.pl\/index.php\/wp-json\/wp\/v2\/users\/4"}],"replies":[{"embeddable":true,"href":"https:\/\/romanistyka.wn.uw.edu.pl\/index.php\/wp-json\/wp\/v2\/comments?post=1792"}],"version-history":[{"count":7,"href":"https:\/\/romanistyka.wn.uw.edu.pl\/index.php\/wp-json\/wp\/v2\/pages\/1792\/revisions"}],"predecessor-version":[{"id":6271,"href":"https:\/\/romanistyka.wn.uw.edu.pl\/index.php\/wp-json\/wp\/v2\/pages\/1792\/revisions\/6271"}],"wp:attachment":[{"href":"https:\/\/romanistyka.wn.uw.edu.pl\/index.php\/wp-json\/wp\/v2\/media?parent=1792"}],"curies":[{"name":"wp","href":"https:\/\/api.w.org\/{rel}","templated":true}]}}